CRAN Package Check Results for Package LRQMM

Last updated on 2021-12-04 23:50:36 CET.

Flavor Version Tinstall Tcheck Ttotal Status Flags
r-devel-linux-x86_64-debian-clang 1.2.3 2.64 41.30 43.94 OK
r-devel-linux-x86_64-debian-gcc 1.2.3 1.90 32.40 34.30 OK
r-devel-linux-x86_64-fedora-clang 1.2.3 55.49 OK
r-devel-linux-x86_64-fedora-gcc 1.2.3 45.04 OK
r-devel-windows-x86_64-new-UL 1.2.3 8.00 66.00 74.00 OK
r-devel-windows-x86_64-new-TK 1.2.3 OK
r-devel-windows-x86_64-old 1.2.3 6.00 39.00 45.00 OK
r-patched-linux-x86_64 1.2.3 2.92 30.78 33.70 OK
r-release-linux-x86_64 1.2.3 2.52 31.41 33.93 OK
r-release-macos-arm64 1.2.3 ERROR
r-release-macos-x86_64 1.2.3 ERROR
r-release-windows-ix86+x86_64 1.2.3 8.00 52.00 60.00 OK
r-oldrel-macos-x86_64 1.2.3 ERROR
r-oldrel-windows-ix86+x86_64 1.2.3 8.00 52.00 60.00 OK

Check Details

Version: 1.2.3
Check: package dependencies
Result: ERROR
    Package required but not available: ‘GeneticsPed’
    
    See section ‘The DESCRIPTION file’ in the ‘Writing R Extensions’
    manual.
Flavors: r-release-macos-arm64, r-release-macos-x86_64, r-oldrel-macos-x86_64