CRAN Package Check Results for Package LSDinterface

Last updated on 2024-07-20 17:58:17 CEST.

Flavor Version Tinstall Tcheck Ttotal Status Flags
r-devel-linux-x86_64-debian-clang 1.2.1 4.36 38.16 42.52 OK
r-devel-linux-x86_64-debian-gcc 1.2.1 2.98 29.02 32.00 OK
r-devel-linux-x86_64-fedora-clang 1.2.1 54.16 OK
r-devel-linux-x86_64-fedora-gcc 1.2.1 50.70 OK
r-devel-windows-x86_64 1.2.1 5.00 55.00 60.00 NOTE
r-patched-linux-x86_64 1.2.1 11.44 37.35 48.79 OK
r-release-linux-x86_64 1.2.1 2.56 36.78 39.34 OK
r-release-macos-arm64 1.2.1 23.00 OK
r-release-macos-x86_64 1.2.1 31.00 OK
r-release-windows-x86_64 1.2.1 5.00 54.00 59.00 OK
r-oldrel-macos-arm64 1.2.1 21.00 OK
r-oldrel-macos-x86_64 1.2.1 33.00 NOTE
r-oldrel-windows-x86_64 1.2.1 6.00 60.00 66.00 OK

Check Details

Version: 1.2.1
Check: Rd cross-references
Result: NOTE Found the following Rd file(s) with Rd \link{} targets missing package anchors: info.distance.lsd.Rd: TSDistances, TSdist-package Please provide package anchors for all Rd \link{} targets not in the package itself and the base packages. Flavor: r-devel-windows-x86_64

Version: 1.2.1
Check: package dependencies
Result: NOTE Package suggested but not available for checking: ‘LSDsensitivity’ Flavor: r-oldrel-macos-x86_64

Version: 1.2.1
Check: Rd cross-references
Result: NOTE Package unavailable to check Rd xrefs: ‘LSDsensitivity’ Flavor: r-oldrel-macos-x86_64