Last updated on 2024-08-31 17:48:59 CEST.
Flavor | Version | Tinstall | Tcheck | Ttotal | Status | Flags |
---|---|---|---|---|---|---|
r-devel-linux-x86_64-debian-clang | 1.2.3 | 5.28 | 49.08 | 54.36 | NOTE | |
r-devel-linux-x86_64-debian-gcc | 1.2.3 | 2.86 | 34.03 | 36.89 | NOTE | |
r-devel-linux-x86_64-fedora-clang | 1.2.3 | 91.03 | OK | |||
r-devel-linux-x86_64-fedora-gcc | 1.2.3 | 81.32 | OK | |||
r-devel-windows-x86_64 | 1.2.3 | 8.00 | 74.00 | 82.00 | NOTE | |
r-patched-linux-x86_64 | 1.2.3 | 11.00 | 45.80 | 56.80 | OK | |
r-release-linux-x86_64 | 1.2.3 | 5.10 | 46.07 | 51.17 | OK | |
r-release-macos-arm64 | 1.2.3 | 28.00 | OK | |||
r-release-macos-x86_64 | 1.2.3 | 40.00 | OK | |||
r-release-windows-x86_64 | 1.2.3 | 9.00 | 84.00 | 93.00 | OK | |
r-oldrel-macos-arm64 | 1.2.3 | 30.00 | OK | |||
r-oldrel-macos-x86_64 | 1.2.3 | 46.00 | OK | |||
r-oldrel-windows-x86_64 | 1.2.3 | 10.00 | 82.00 | 92.00 | OK |
Version: 1.2.3
Check: Rd cross-references
Result: NOTE
Found the following Rd file(s) with Rd \link{} targets missing package
anchors:
read.doe.lsd.Rd: select.colnames.lsd, select.colattrs.lsd
Please provide package anchors for all Rd \link{} targets not in the
package itself and the base packages.
Flavors: r-devel-linux-x86_64-debian-clang, r-devel-linux-x86_64-debian-gcc, r-devel-windows-x86_64