CRAN Package Check Results for Package LSX

Last updated on 2021-05-13 05:49:44 CEST.

Flavor Version Tinstall Tcheck Ttotal Status Flags
r-devel-linux-x86_64-debian-clang 0.9.9 11.59 240.45 252.04 OK
r-devel-linux-x86_64-debian-gcc 0.9.9 9.59 191.54 201.13 OK
r-devel-linux-x86_64-fedora-clang 0.9.9 323.59 NOTE
r-devel-linux-x86_64-fedora-gcc 0.9.9 324.45 NOTE
r-devel-windows-ix86+x86_64 0.9.9 30.00 277.00 307.00 OK
r-devel-windows-x86_64-gcc10-UCRT 0.9.9 NOTE
r-patched-linux-x86_64 0.9.9 16.57 241.84 258.41 OK
r-patched-solaris-x86 0.9.9 657.70 NOTE
r-release-linux-x86_64 0.9.9 11.01 241.47 252.48 OK
r-release-macos-x86_64 0.9.9 NOTE
r-release-windows-ix86+x86_64 0.9.9 22.00 277.00 299.00 OK
r-oldrel-macos-x86_64 0.9.9 NOTE
r-oldrel-windows-ix86+x86_64 0.9.9 23.00 267.00 290.00 OK

Check Details

Version: 0.9.9
Check: data for non-ASCII characters
Result: NOTE
     Note: found 2096 marked UTF-8 strings
Flavors: r-devel-linux-x86_64-fedora-clang, r-devel-linux-x86_64-fedora-gcc, r-devel-windows-x86_64-gcc10-UCRT, r-patched-solaris-x86, r-release-macos-x86_64, r-oldrel-macos-x86_64