CRAN Package Check Results for Package LUCIDus

Last updated on 2019-10-19 17:46:56 CEST.

Flavor Version Tinstall Tcheck Ttotal Status Flags
r-devel-linux-x86_64-debian-clang 0.9.0 9.95 132.85 142.80 OK
r-devel-linux-x86_64-debian-gcc 0.9.0 8.56 97.81 106.37 OK
r-devel-linux-x86_64-fedora-clang 0.9.0 168.26 NOTE
r-devel-linux-x86_64-fedora-gcc 0.9.0 165.72 NOTE
r-devel-windows-ix86+x86_64 0.9.0 19.00 227.00 246.00 OK
r-patched-linux-x86_64 0.9.0 10.36 127.15 137.51 OK
r-patched-solaris-x86 0.9.0 190.00 WARN
r-release-linux-x86_64 0.9.0 10.12 129.77 139.89 OK
r-release-windows-ix86+x86_64 0.9.0 18.00 226.00 244.00 OK
r-release-osx-x86_64 0.9.0 WARN
r-oldrel-windows-ix86+x86_64 0.9.0 12.00 241.00 253.00 OK
r-oldrel-osx-x86_64 0.9.0 WARN

Check Details

Version: 0.9.0
Check: dependencies in R code
Result: NOTE
    Namespace in Imports field not imported from: ‘methods’
     All declared Imports should be used.
Flavors: r-devel-linux-x86_64-fedora-clang, r-devel-linux-x86_64-fedora-gcc, r-patched-solaris-x86, r-release-osx-x86_64, r-oldrel-osx-x86_64

Version: 0.9.0
Check: re-building of vignette outputs
Result: WARN
    Error(s) in re-building vignettes:
     ...
    --- re-building ‘LUCIDus-vignette.Rmd’ using rmarkdown
    Warning in engine$weave(file, quiet = quiet, encoding = enc) :
     Pandoc (>= 1.12.3) and/or pandoc-citeproc not available. Falling back to R Markdown v1.
    Quitting from lines 62-63 (LUCIDus-vignette.Rmd)
    Error: processing vignette 'LUCIDus-vignette.Rmd' failed with diagnostics:
    there is no package called 'webshot'
    --- failed re-building ‘LUCIDus-vignette.Rmd’
    
    SUMMARY: processing the following file failed:
     ‘LUCIDus-vignette.Rmd’
    
    Error: Vignette re-building failed.
    Execution halted
Flavor: r-patched-solaris-x86

Version: 0.9.0
Check: re-building of vignette outputs
Result: WARN
    Error(s) in re-building vignettes:
     ...
    --- re-building ‘LUCIDus-vignette.Rmd’ using rmarkdown
    Warning in engine$weave(file, quiet = quiet, encoding = enc) :
     Pandoc (>= 1.12.3) and/or pandoc-citeproc not available. Falling back to R Markdown v1.
    Quitting from lines 62-63 (LUCIDus-vignette.Rmd)
    Error: processing vignette 'LUCIDus-vignette.Rmd' failed with diagnostics:
    cannot open the connection
    --- failed re-building ‘LUCIDus-vignette.Rmd’
    
    SUMMARY: processing the following file failed:
     ‘LUCIDus-vignette.Rmd’
    
    Error: Vignette re-building failed.
    Execution halted
Flavor: r-release-osx-x86_64

Version: 0.9.0
Check: re-building of vignette outputs
Result: WARN
    Error in re-building vignettes:
     ...
    Warning in engine$weave(file, quiet = quiet, encoding = enc) :
     Pandoc (>= 1.12.3) and/or pandoc-citeproc not available. Falling back to R Markdown v1.
    Quitting from lines 62-63 (LUCIDus-vignette.Rmd)
    Error: processing vignette 'LUCIDus-vignette.Rmd' failed with diagnostics:
    cannot open the connection
    Execution halted
Flavor: r-oldrel-osx-x86_64