CRAN Package Check Results for Package LW1949

Last updated on 2019-10-22 12:48:08 CEST.

Flavor Version Tinstall Tcheck Ttotal Status Flags
r-devel-linux-x86_64-debian-clang 1.1.0 8.79 70.18 78.97 OK
r-devel-linux-x86_64-debian-gcc 1.1.0 7.63 56.46 64.09 OK
r-devel-linux-x86_64-fedora-clang 1.1.0 98.53 OK
r-devel-linux-x86_64-fedora-gcc 1.1.0 97.38 OK
r-devel-windows-ix86+x86_64 1.1.0 17.00 89.00 106.00 OK
r-patched-linux-x86_64 1.1.0 9.13 71.20 80.33 OK
r-patched-solaris-x86 1.1.0 147.40 OK
r-release-linux-x86_64 1.1.0 8.10 70.51 78.61 OK
r-release-windows-ix86+x86_64 1.1.0 20.00 81.00 101.00 OK
r-release-osx-x86_64 1.1.0 FAIL
r-oldrel-windows-ix86+x86_64 1.1.0 12.00 119.00 131.00 OK
r-oldrel-osx-x86_64 1.1.0 OK

Check Details

Version: 1.1.0
Check: whether package can be installed
Result: FAIL
    
Flavor: r-release-osx-x86_64