CRAN Package Check Results for Package LW1949

Last updated on 2021-01-17 17:47:36 CET.

Flavor Version Tinstall Tcheck Ttotal Status Flags
r-devel-linux-x86_64-debian-clang 1.1.0 9.54 85.55 95.09 OK
r-devel-linux-x86_64-debian-gcc 1.1.0 7.48 66.80 74.28 OK
r-devel-linux-x86_64-fedora-clang 1.1.0 128.35 NOTE
r-devel-linux-x86_64-fedora-gcc 1.1.0 120.80 OK
r-devel-windows-ix86+x86_64 1.1.0 14.00 82.00 96.00 OK
r-patched-linux-x86_64 1.1.0 9.43 80.78 90.21 OK
r-patched-solaris-x86 1.1.0 167.00 OK
r-release-linux-x86_64 1.1.0 9.23 81.03 90.26 OK
r-release-macos-x86_64 1.1.0 OK
r-release-windows-ix86+x86_64 1.1.0 15.00 88.00 103.00 OK
r-oldrel-macos-x86_64 1.1.0 FAIL
r-oldrel-windows-ix86+x86_64 1.1.0 17.00 112.00 129.00 OK

Check Details

Version: 1.1.0
Check: Rd cross-references
Result: NOTE
    Undeclared package ‘zoo’ in Rd xrefs
Flavor: r-devel-linux-x86_64-fedora-clang

Version: 1.1.0
Check: whether package can be installed
Result: FAIL
Flavor: r-oldrel-macos-x86_64