CRAN Package Check Results for Package Lahman

Last updated on 2022-05-16 23:55:35 CEST.

Flavor Version Tinstall Tcheck Ttotal Status Flags
r-devel-linux-x86_64-debian-clang 10.0-1 44.41 101.99 146.40 OK
r-devel-linux-x86_64-debian-gcc 10.0-1 41.54 75.54 117.08 OK
r-devel-linux-x86_64-fedora-clang 10.0-1 181.26 NOTE
r-devel-linux-x86_64-fedora-gcc 10.0-1 183.14 OK
r-devel-windows-x86_64 10.0-1 70.00 145.00 215.00 NOTE
r-patched-linux-x86_64 10.0-1 45.26 93.58 138.84 OK
r-release-linux-x86_64 10.0-1 45.21 96.38 141.59 OK
r-release-macos-arm64 10.0-1 85.00 NOTE
r-release-macos-x86_64 10.0-1 98.00 NOTE
r-release-windows-x86_64 10.0-1 78.00 145.00 223.00 NOTE
r-oldrel-macos-arm64 10.0-1 78.00 NOTE
r-oldrel-macos-x86_64 10.0-1 101.00 NOTE
r-oldrel-windows-ix86+x86_64 10.0-1 66.00 135.00 201.00 NOTE

Check Details

Version: 10.0-1
Check: installed package size
Result: NOTE
     installed size is 6.4Mb
     sub-directories of 1Mb or more:
     data 5.5Mb
Flavors: r-devel-linux-x86_64-fedora-clang, r-devel-windows-x86_64, r-release-macos-arm64, r-release-macos-x86_64, r-release-windows-x86_64, r-oldrel-macos-arm64, r-oldrel-macos-x86_64, r-oldrel-windows-ix86+x86_64

Version: 10.0-1
Check: Rd cross-references
Result: NOTE
    Undeclared package ‘plyr’ in Rd xrefs
Flavor: r-devel-linux-x86_64-fedora-clang