Last updated on 2022-05-26 23:52:59 CEST.
Flavor | Version | Tinstall | Tcheck | Ttotal | Status | Flags |
---|---|---|---|---|---|---|
r-devel-linux-x86_64-debian-clang | 1.94-2 | 6.79 | 38.60 | 45.39 | OK | |
r-devel-linux-x86_64-debian-gcc | 1.94-2 | 5.38 | 34.20 | 39.58 | OK | |
r-devel-linux-x86_64-fedora-clang | 1.94-2 | 55.83 | NOTE | |||
r-devel-linux-x86_64-fedora-gcc | 1.94-2 | 55.90 | NOTE | |||
r-devel-windows-x86_64 | 1.94-2 | 42.00 | 69.00 | 111.00 | OK | |
r-patched-linux-x86_64 | 1.94-2 | 5.60 | 39.65 | 45.25 | OK | |
r-release-linux-x86_64 | 1.94-2 | 5.93 | 39.00 | 44.93 | OK | |
r-release-macos-arm64 | 1.94-2 | 22.00 | OK | |||
r-release-macos-x86_64 | 1.94-2 | 32.00 | OK | |||
r-release-windows-x86_64 | 1.94-2 | 23.00 | 68.00 | 91.00 | OK | |
r-oldrel-macos-arm64 | 1.94-2 | 23.00 | OK | |||
r-oldrel-macos-x86_64 | 1.94-2 | 44.00 | OK | |||
r-oldrel-windows-ix86+x86_64 | 1.94-2 | 17.00 | 67.00 | 84.00 | OK |
Version: 1.94-2
Check: Rd cross-references
Result: NOTE
Undeclared package ‘LiblineaR’ in Rd xrefs
Flavor: r-devel-linux-x86_64-fedora-clang
Version: 1.94-2
Check: compiled code
Result: NOTE
File ‘LiblineaR.ACF/libs/LiblineaR.ACF.so’:
Found no calls to: ‘R_registerRoutines’, ‘R_useDynamicSymbols’
It is good practice to register native routines and to disable symbol
search.
See ‘Writing portable packages’ in the ‘Writing R Extensions’ manual.
Flavors: r-devel-linux-x86_64-fedora-clang, r-devel-linux-x86_64-fedora-gcc