CRAN Package Check Results for Package LilRhino

Last updated on 2021-04-15 05:47:59 CEST.

Flavor Version Tinstall Tcheck Ttotal Status Flags
r-devel-linux-x86_64-debian-clang 1.2.0 10.66 103.49 114.15 NOTE
r-devel-linux-x86_64-debian-gcc 1.2.0 8.60 77.24 85.84 NOTE
r-devel-linux-x86_64-fedora-clang 1.2.0 152.29 NOTE
r-devel-linux-x86_64-fedora-gcc 1.2.0 145.89 NOTE
r-devel-windows-ix86+x86_64 1.2.0 28.00 125.00 153.00 NOTE
r-devel-windows-x86_64-gcc10-UCRT 1.2.0 NOTE
r-patched-linux-x86_64 1.2.0 10.51 95.25 105.76 OK
r-patched-solaris-x86 1.2.0 206.30 NOTE
r-release-linux-x86_64 1.2.0 10.94 95.46 106.40 OK
r-release-macos-x86_64 1.2.0 NOTE
r-release-windows-ix86+x86_64 1.2.0 31.00 137.00 168.00 OK
r-oldrel-macos-x86_64 1.2.0 NOTE
r-oldrel-windows-ix86+x86_64 1.2.0 18.00 96.00 114.00 OK

Check Details

Version: 1.2.0
Check: LazyData
Result: NOTE
     'LazyData' is specified without a 'data' directory
Flavors: r-devel-linux-x86_64-debian-clang, r-devel-linux-x86_64-debian-gcc, r-devel-linux-x86_64-fedora-clang, r-devel-linux-x86_64-fedora-gcc, r-devel-windows-ix86+x86_64, r-devel-windows-x86_64-gcc10-UCRT

Version: 1.2.0
Check: dependencies in R code
Result: NOTE
    Namespaces in Imports field not imported from:
     ‘SnowballC’ ‘data.table’ ‘e1071’ ‘fastmatch’
     All declared Imports should be used.
Flavors: r-devel-linux-x86_64-fedora-clang, r-devel-linux-x86_64-fedora-gcc, r-devel-windows-x86_64-gcc10-UCRT, r-patched-solaris-x86, r-release-macos-x86_64, r-oldrel-macos-x86_64