CRAN Package Check Results for Package LinRegInteractive

Last updated on 2020-08-07 23:49:05 CEST.

Flavor Version Tinstall Tcheck Ttotal Status Flags
r-devel-linux-x86_64-debian-clang 0.3-3 5.30 41.88 47.18 OK
r-devel-linux-x86_64-debian-gcc 0.3-3 3.42 32.89 36.31 OK
r-devel-linux-x86_64-fedora-clang 0.3-3 66.32 OK
r-devel-linux-x86_64-fedora-gcc 0.3-3 56.70 OK
r-devel-windows-ix86+x86_64 0.3-3 13.00 62.00 75.00 OK
r-patched-linux-x86_64 0.3-3 5.53 42.39 47.92 OK
r-patched-solaris-x86 0.3-3 82.30 OK
r-release-linux-x86_64 0.3-3 5.19 42.06 47.25 OK
r-release-macos-x86_64 0.3-3 ERROR
r-release-windows-ix86+x86_64 0.3-3 12.00 90.00 102.00 OK
r-oldrel-macos-x86_64 0.3-3 ERROR
r-oldrel-windows-ix86+x86_64 0.3-3 9.00 61.00 70.00 OK

Check Details

Version: 0.3-3
Check: package dependencies
Result: ERROR
    Package required but not available: ‘rpanel’
    
    See section ‘The DESCRIPTION file’ in the ‘Writing R Extensions’
    manual.
Flavors: r-release-macos-x86_64, r-oldrel-macos-x86_64