CRAN Package Check Results for Package LocalControl

Last updated on 2021-07-27 23:51:18 CEST.

Flavor Version Tinstall Tcheck Ttotal Status Flags
r-devel-linux-x86_64-debian-clang 1.1.2.2 38.55 80.00 118.55 OK
r-devel-linux-x86_64-debian-gcc 1.1.2.2 25.51 62.75 88.26 OK
r-devel-linux-x86_64-fedora-clang 1.1.2.2 168.66 OK
r-devel-linux-x86_64-fedora-gcc 1.1.2.2 153.21 OK
r-devel-windows-x86_64 1.1.2.2 46.00 110.00 156.00 OK
r-devel-windows-x86_64-gcc10-UCRT 1.1.2.2 OK
r-patched-linux-x86_64 1.1.2.2 30.79 80.68 111.47 OK
r-patched-solaris-x86 1.1.2.2 159.90 OK
r-release-linux-x86_64 1.1.2.2 30.76 80.50 111.26 OK
r-release-macos-arm64 1.1.2.2 NOTE
r-release-macos-x86_64 1.1.2.2 OK
r-release-windows-ix86+x86_64 1.1.2.2 78.00 100.00 178.00 OK
r-oldrel-macos-x86_64 1.1.2.2 OK
r-oldrel-windows-ix86+x86_64 1.1.2.2 65.00 122.00 187.00 OK

Check Details

Version: 1.1.2.2
Check: installed package size
Result: NOTE
     installed size is 5.1Mb
     sub-directories of 1Mb or more:
     doc 2.2Mb
     libs 2.4Mb
Flavor: r-release-macos-arm64