CRAN Package Check Results for Package LongituRF

Last updated on 2021-07-31 23:50:28 CEST.

Flavor Version Tinstall Tcheck Ttotal Status Flags
r-devel-linux-x86_64-debian-clang 0.9 5.10 43.51 48.61 NOTE
r-devel-linux-x86_64-debian-gcc 0.9 4.19 34.53 38.72 NOTE
r-devel-linux-x86_64-fedora-clang 0.9 67.38 NOTE
r-devel-linux-x86_64-fedora-gcc 0.9 59.83 NOTE
r-devel-windows-x86_64 0.9 5.00 59.00 64.00 NOTE
r-devel-windows-x86_64-gcc10-UCRT 0.9 NOTE
r-patched-linux-x86_64 0.9 NOTE
r-patched-solaris-x86 0.9 84.00 NOTE
r-release-linux-x86_64 0.9 4.82 42.14 46.96 NOTE
r-release-macos-arm64 0.9 NOTE
r-release-macos-x86_64 0.9 NOTE
r-release-windows-ix86+x86_64 0.9 10.00 46.00 56.00 NOTE
r-oldrel-macos-x86_64 0.9 OK
r-oldrel-windows-ix86+x86_64 0.9 9.00 60.00 69.00 OK

Check Details

Version: 0.9
Check: LazyData
Result: NOTE
     'LazyData' is specified without a 'data' directory
Flavors: r-devel-linux-x86_64-debian-clang, r-devel-linux-x86_64-debian-gcc, r-devel-linux-x86_64-fedora-clang, r-devel-linux-x86_64-fedora-gcc, r-devel-windows-x86_64, r-devel-windows-x86_64-gcc10-UCRT, r-patched-linux-x86_64, r-patched-solaris-x86, r-release-linux-x86_64, r-release-macos-arm64, r-release-macos-x86_64, r-release-windows-ix86+x86_64