CRAN Package Check Results for Package LongituRF

Last updated on 2023-06-07 12:00:39 CEST.

Flavor Version Tinstall Tcheck Ttotal Status Flags
r-devel-linux-x86_64-debian-clang 0.9 5.80 52.47 58.27 NOTE
r-devel-linux-x86_64-debian-gcc 0.9 5.78 40.68 46.46 NOTE
r-devel-linux-x86_64-fedora-clang 0.9 74.32 NOTE
r-devel-linux-x86_64-fedora-gcc 0.9 80.68 NOTE
r-devel-windows-x86_64 0.9 9.00 62.00 71.00 NOTE
r-patched-linux-x86_64 0.9 5.98 49.74 55.72 NOTE
r-release-linux-x86_64 0.9 7.10 51.36 58.46 NOTE
r-release-macos-arm64 0.9 27.00 NOTE
r-release-macos-x86_64 0.9 39.00 NOTE
r-release-windows-x86_64 0.9 9.00 66.00 75.00 NOTE
r-oldrel-macos-arm64 0.9 22.00 NOTE
r-oldrel-macos-x86_64 0.9 29.00 NOTE
r-oldrel-windows-x86_64 0.9 8.00 67.00 75.00 NOTE

Check Details

Version: 0.9
Check: LazyData
Result: NOTE
     'LazyData' is specified without a 'data' directory
Flavors: r-devel-linux-x86_64-debian-clang, r-devel-linux-x86_64-debian-gcc, r-devel-linux-x86_64-fedora-clang, r-devel-linux-x86_64-fedora-gcc, r-devel-windows-x86_64, r-patched-linux-x86_64, r-release-linux-x86_64, r-release-macos-arm64, r-release-macos-x86_64, r-release-windows-x86_64, r-oldrel-macos-arm64, r-oldrel-macos-x86_64, r-oldrel-windows-x86_64