CRAN Package Check Results for Package LorenzRegression

Last updated on 2024-06-13 18:49:56 CEST.

Flavor Version Tinstall Tcheck Ttotal Status Flags
r-devel-linux-x86_64-debian-clang 1.0.0 101.14 190.33 291.47 OK
r-devel-linux-x86_64-debian-gcc 1.0.0 0.42 1.72 2.14 ERROR
r-devel-linux-x86_64-fedora-clang 1.0.0 395.20 OK
r-devel-linux-x86_64-fedora-gcc 1.0.0 381.97 OK
r-devel-windows-x86_64 1.0.0 79.00 162.00 241.00 OK
r-patched-linux-x86_64 1.0.0 88.79 183.65 272.44 OK
r-release-linux-x86_64 1.0.0 79.29 183.61 262.90 OK
r-release-macos-arm64 1.0.0 81.00 OK
r-release-macos-x86_64 1.0.0 119.00 OK
r-release-windows-x86_64 1.0.0 81.00 167.00 248.00 OK
r-oldrel-macos-arm64 1.0.0 97.00 OK
r-oldrel-macos-x86_64 1.0.0 161.00 OK
r-oldrel-windows-x86_64 1.0.0 98.00 201.00 299.00 OK

Check Details

Version: 1.0.0
Check: package dependencies
Result: ERROR Package required but not available: ‘ggplot2’ See section ‘The DESCRIPTION file’ in the ‘Writing R Extensions’ manual. Flavor: r-devel-linux-x86_64-debian-gcc