CRAN Package Check Results for Package LowWAFOMSobol

Last updated on 2019-11-17 05:47:15 CET.

Flavor Version Tinstall Tcheck Ttotal Status Flags
r-devel-linux-x86_64-debian-clang 1.1.1 29.18 38.80 67.98 OK
r-devel-linux-x86_64-debian-gcc 1.1.1 17.84 29.64 47.48 OK
r-devel-linux-x86_64-fedora-clang 1.1.1 86.88 NOTE
r-devel-linux-x86_64-fedora-gcc 1.1.1 79.34 OK
r-devel-windows-ix86+x86_64 1.1.1 74.00 116.00 190.00 NOTE
r-patched-linux-x86_64 1.1.1 21.81 36.21 58.02 OK
r-patched-solaris-x86 1.1.1 97.20 OK
r-release-linux-x86_64 1.1.1 20.40 36.13 56.53 OK
r-release-windows-ix86+x86_64 1.1.1 54.00 104.00 158.00 NOTE
r-release-osx-x86_64 1.1.1 NOTE
r-oldrel-windows-ix86+x86_64 1.1.1 40.00 71.00 111.00 NOTE
r-oldrel-osx-x86_64 1.1.1 NOTE

Check Details

Version: 1.1.1
Check: installed package size
Result: NOTE
     installed size is 5.5Mb
     sub-directories of 1Mb or more:
     extdata 4.5Mb
Flavors: r-devel-linux-x86_64-fedora-clang, r-devel-windows-ix86+x86_64, r-release-windows-ix86+x86_64, r-release-osx-x86_64, r-oldrel-windows-ix86+x86_64, r-oldrel-osx-x86_64