CRAN Package Check Results for Package M3

Last updated on 2019-03-24 23:51:09 CET.

Flavor Version Tinstall Tcheck Ttotal Status Flags
r-devel-linux-x86_64-debian-clang 0.3 3.98 36.12 40.10 NOTE
r-devel-linux-x86_64-debian-gcc 0.3 3.42 32.05 35.47 NOTE
r-devel-linux-x86_64-fedora-clang 0.3 51.43 NOTE
r-devel-linux-x86_64-fedora-gcc 0.3 49.15 NOTE
r-devel-windows-ix86+x86_64 0.3 15.00 50.00 65.00 NOTE
r-patched-linux-x86_64 0.3 2.81 33.80 36.61 NOTE
r-patched-solaris-x86 0.3 76.00 NOTE
r-release-linux-x86_64 0.3 2.98 33.59 36.57 NOTE
r-release-windows-ix86+x86_64 0.3 5.00 51.00 56.00 NOTE
r-release-osx-x86_64 0.3 NOTE
r-oldrel-windows-ix86+x86_64 0.3 5.00 67.00 72.00 NOTE
r-oldrel-osx-x86_64 0.3 NOTE

Check Details

Version: 0.3
Check: R code for possible problems
Result: NOTE
    project.M3.1.to.M3.2: no visible global function definition for
     'coordinates<-'
    project.M3.1.to.M3.2: no visible global function definition for
     'proj4string<-'
    project.M3.1.to.M3.2: no visible global function definition for 'CRS'
    project.M3.1.to.M3.2: no visible global function definition for
     'spTransform'
    project.M3.1.to.M3.2: no visible global function definition for
     'coordinates'
    Undefined global functions or variables:
     CRS coordinates coordinates<- proj4string<- spTransform
Flavors: r-devel-linux-x86_64-debian-clang, r-devel-linux-x86_64-debian-gcc, r-devel-linux-x86_64-fedora-clang, r-devel-linux-x86_64-fedora-gcc, r-devel-windows-ix86+x86_64, r-patched-linux-x86_64, r-patched-solaris-x86, r-release-linux-x86_64, r-release-windows-ix86+x86_64, r-release-osx-x86_64, r-oldrel-windows-ix86+x86_64, r-oldrel-osx-x86_64