CRAN Package Check Results for Package M3

Last updated on 2019-05-19 17:57:35 CEST.

Flavor Version Tinstall Tcheck Ttotal Status Flags
r-devel-linux-x86_64-debian-clang 0.3 4.06 36.04 40.10 NOTE
r-devel-linux-x86_64-debian-gcc 0.3 3.25 28.55 31.80 NOTE
r-devel-linux-x86_64-fedora-clang 0.3 49.84 NOTE
r-devel-linux-x86_64-fedora-gcc 0.3 48.36 NOTE
r-devel-windows-ix86+x86_64 0.3 14.00 81.00 95.00 NOTE
r-patched-linux-x86_64 0.3 4.27 36.39 40.66 NOTE
r-patched-solaris-x86 0.3 92.50 NOTE
r-release-linux-x86_64 0.3 3.45 35.68 39.13 NOTE
r-release-windows-ix86+x86_64 0.3 13.00 65.00 78.00 NOTE
r-release-osx-x86_64 0.3 NOTE
r-oldrel-windows-ix86+x86_64 0.3 8.00 69.00 77.00 NOTE
r-oldrel-osx-x86_64 0.3 NOTE

Check Details

Version: 0.3
Check: R code for possible problems
Result: NOTE
    project.M3.1.to.M3.2: no visible global function definition for
     'coordinates<-'
    project.M3.1.to.M3.2: no visible global function definition for
     'proj4string<-'
    project.M3.1.to.M3.2: no visible global function definition for 'CRS'
    project.M3.1.to.M3.2: no visible global function definition for
     'spTransform'
    project.M3.1.to.M3.2: no visible global function definition for
     'coordinates'
    Undefined global functions or variables:
     CRS coordinates coordinates<- proj4string<- spTransform
Flavors: r-devel-linux-x86_64-debian-clang, r-devel-linux-x86_64-debian-gcc, r-devel-linux-x86_64-fedora-clang, r-devel-linux-x86_64-fedora-gcc, r-devel-windows-ix86+x86_64, r-patched-linux-x86_64, r-patched-solaris-x86, r-release-linux-x86_64, r-release-windows-ix86+x86_64, r-release-osx-x86_64, r-oldrel-windows-ix86+x86_64, r-oldrel-osx-x86_64