CRAN Package Check Results for Package MAINT.Data

Last updated on 2024-07-25 17:46:16 CEST.

Flavor Version Tinstall Tcheck Ttotal Status Flags
r-devel-linux-x86_64-debian-clang 2.7.1 220.79 174.63 395.42 NOTE
r-devel-linux-x86_64-debian-gcc 2.7.1 138.07 131.69 269.76 NOTE
r-devel-linux-x86_64-fedora-clang 2.7.1 671.80 NOTE
r-devel-linux-x86_64-fedora-gcc 2.7.1 560.93 NOTE
r-devel-windows-x86_64 2.7.1 168.00 161.00 329.00 NOTE
r-patched-linux-x86_64 2.7.1 NOTE
r-release-linux-x86_64 2.7.1 142.17 168.71 310.88 NOTE
r-release-macos-arm64 2.7.1 114.00 NOTE
r-release-macos-x86_64 2.7.1 133.00 NOTE
r-release-windows-x86_64 2.7.1 198.00 164.00 362.00 NOTE
r-oldrel-macos-arm64 2.7.1 126.00 NOTE
r-oldrel-macos-x86_64 2.7.1 217.00 NOTE
r-oldrel-windows-x86_64 2.7.1 207.00 204.00 411.00 NOTE

Check Details

Version: 2.7.1
Check: Rd files
Result: NOTE checkRd: (-1) RepLOptim.Rd:21: Lost braces; missing escapes or markup? 21 | \item{gr}{A function to return the gradient for the \dQuote{nlminb}, \dQuote{BFGS}, \dQuote{CG} and {L-BFGS-B} methods. If it is \sQuote{NULL}, a finite-difference approximation will be used. For the \dQuote{SANN} method it specifies a function to generate a new candidate point. If it is \sQuote{NULL} a default Gaussian Markov kernel is used.} | ^ checkRd: (-1) Robda-methods.Rd:69: Lost braces 69 | \seealso{\code{\link{lda}}, \code{\link{qda}}, \code{\link{snda}}, \code{\linkS4class{IData}}, \code{\linkS4class{RobEstControl}},code{\link{ConfMat}} } | ^ Flavors: r-devel-linux-x86_64-debian-clang, r-devel-linux-x86_64-debian-gcc, r-devel-linux-x86_64-fedora-clang, r-devel-linux-x86_64-fedora-gcc, r-devel-windows-x86_64, r-patched-linux-x86_64, r-release-linux-x86_64, r-release-macos-arm64, r-release-macos-x86_64, r-release-windows-x86_64

Version: 2.7.1
Check: Rd cross-references
Result: NOTE Found the following Rd file(s) with Rd \link{} targets missing package anchors: RobEstControl-class.Rd: CovControlMcd-class, CovControl-class fasttle-methods.Rd: rrcov.control Please provide package anchors for all Rd \link{} targets not in the package itself and the base packages. Flavors: r-devel-linux-x86_64-debian-gcc, r-devel-windows-x86_64

Version: 2.7.1
Check: installed package size
Result: NOTE installed size is 5.4Mb sub-directories of 1Mb or more: R 1.5Mb data 2.3Mb libs 1.3Mb Flavors: r-devel-windows-x86_64, r-release-macos-arm64, r-release-macos-x86_64, r-release-windows-x86_64, r-oldrel-macos-arm64, r-oldrel-macos-x86_64, r-oldrel-windows-x86_64