CRAN Package Check Results for Package MARVEL

Last updated on 2023-09-26 01:06:26 CEST.

Flavor Version Tinstall Tcheck Ttotal Status Flags
r-devel-linux-x86_64-debian-clang 1.4.0 24.47 326.29 350.76 OK
r-devel-linux-x86_64-debian-gcc 1.4.0 20.31 240.24 260.55 OK
r-devel-linux-x86_64-fedora-clang 1.4.0 421.57 OK
r-devel-linux-x86_64-fedora-gcc 1.4.0 458.18 OK
r-devel-windows-x86_64 1.4.0 24.00 262.00 286.00 OK
r-patched-linux-x86_64 1.4.0 20.43 315.03 335.46 OK
r-release-linux-x86_64 1.4.0 25.32 310.96 336.28 OK
r-release-macos-arm64 1.4.0 135.00 NOTE
r-release-macos-x86_64 1.4.0 214.00 NOTE
r-release-windows-x86_64 1.4.0 32.00 333.00 365.00 NOTE
r-oldrel-macos-arm64 1.4.0 133.00 NOTE
r-oldrel-macos-x86_64 1.4.0 154.00 NOTE
r-oldrel-windows-x86_64 1.4.0 31.00 312.00 343.00 NOTE

Check Details

Version: 1.4.0
Check: package dependencies
Result: NOTE
    Packages suggested but not available for checking:
     'BSgenome.Hsapiens.NCBI.GRCh38', 'clusterProfiler', 'org.Mm.eg.db',
     'wiggleplotr'
Flavor: r-release-macos-arm64

Version: 1.4.0
Check: package dependencies
Result: NOTE
    Packages suggested but not available for checking:
     'BSgenome.Hsapiens.NCBI.GRCh38', 'org.Mm.eg.db', 'wiggleplotr'
Flavor: r-release-macos-x86_64

Version: 1.4.0
Check: package dependencies
Result: NOTE
    Package suggested but not available for checking: 'BSgenome.Hsapiens.NCBI.GRCh38'
Flavors: r-release-windows-x86_64, r-oldrel-windows-x86_64

Version: 1.4.0
Check: package dependencies
Result: NOTE
    Packages suggested but not available for checking:
     'BSgenome.Hsapiens.NCBI.GRCh38', 'wiggleplotr'
Flavors: r-oldrel-macos-arm64, r-oldrel-macos-x86_64