Last updated on 2023-03-26 17:49:46 CEST.
Flavor | Version | Tinstall | Tcheck | Ttotal | Status | Flags |
---|---|---|---|---|---|---|
r-devel-linux-x86_64-debian-clang | 0.4.1 | 9.15 | 518.51 | 527.66 | OK | |
r-devel-linux-x86_64-debian-gcc | 0.4.1 | 9.46 | 354.64 | 364.10 | OK | |
r-devel-linux-x86_64-fedora-gcc | 0.4.1 | 673.91 | NOTE | |||
r-devel-windows-x86_64 | 0.4.1 | 105.00 | 653.00 | 758.00 | OK | |
r-patched-linux-x86_64 | 0.4.1 | 13.01 | 495.67 | 508.68 | OK | |
r-release-linux-x86_64 | 0.4.1 | 10.11 | 510.42 | 520.53 | OK | |
r-release-macos-arm64 | 0.4.1 | 215.00 | NOTE | |||
r-release-macos-x86_64 | 0.4.1 | 266.00 | NOTE | |||
r-release-windows-x86_64 | 0.4.1 | 69.00 | 624.00 | 693.00 | OK | |
r-oldrel-macos-arm64 | 0.4.1 | 179.00 | NOTE | |||
r-oldrel-macos-x86_64 | 0.4.1 | 263.00 | NOTE | |||
r-oldrel-windows-ix86+x86_64 | 0.4.1 | 21.00 | 660.00 | 681.00 | OK |
Version: 0.4.1
Check: data for non-ASCII characters
Result: NOTE
Note: found 6 marked Latin-1 strings
Flavors: r-devel-linux-x86_64-fedora-gcc, r-release-macos-arm64, r-release-macos-x86_64, r-oldrel-macos-arm64, r-oldrel-macos-x86_64