CRAN Package Check Results for Package MCDA

Last updated on 2021-06-18 05:48:50 CEST.

Flavor Version Tinstall Tcheck Ttotal Status Flags
r-devel-linux-x86_64-debian-clang 0.0.21 19.42 143.30 162.72 OK
r-devel-linux-x86_64-debian-gcc 0.0.21 12.56 106.96 119.52 OK
r-devel-linux-x86_64-fedora-clang 0.0.21 196.69 NOTE
r-devel-linux-x86_64-fedora-gcc 0.0.21 185.94 NOTE
r-devel-windows-x86_64 0.0.21 26.00 236.00 262.00 NOTE
r-devel-windows-x86_64-gcc10-UCRT 0.0.21 ERROR
r-patched-linux-x86_64 0.0.21 17.51 138.60 156.11 OK
r-patched-solaris-x86 0.0.21 243.90 NOTE
r-release-linux-x86_64 0.0.21 13.65 137.76 151.41 OK
r-release-macos-arm64 0.0.21 ERROR
r-release-macos-x86_64 0.0.21 NOTE
r-release-windows-ix86+x86_64 0.0.21 19.00 183.00 202.00 NOTE
r-oldrel-macos-x86_64 0.0.21 NOTE
r-oldrel-windows-ix86+x86_64 0.0.21 20.00 204.00 224.00 NOTE

Check Details

Version: 0.0.21
Check: package dependencies
Result: NOTE
    Package suggested but not available for checking: ‘cplexAPI’
Flavors: r-devel-linux-x86_64-fedora-clang, r-devel-linux-x86_64-fedora-gcc, r-devel-windows-x86_64, r-patched-solaris-x86, r-release-macos-x86_64, r-release-windows-ix86+x86_64, r-oldrel-macos-x86_64, r-oldrel-windows-ix86+x86_64

Version: 0.0.21
Check: package dependencies
Result: NOTE
    Packages suggested but not available for checking: 'Rgraphviz', 'cplexAPI'
Flavors: r-devel-windows-x86_64-gcc10-UCRT, r-release-macos-arm64

Version: 0.0.21
Check: examples
Result: ERROR
    Running examples in 'MCDA-Ex.R' failed
    The error most likely occurred in:
    
    > ### Name: plotAlternativesValuesPreorder
    > ### Title: Function to plot a preorder of alternatives, based on some score
    > ### or ranking.
    > ### Aliases: plotAlternativesValuesPreorder
    > ### Keywords: methods
    >
    > ### ** Examples
    >
    > library(MCDA)
    >
    > alternativesValues <- c(10,1,8,3,8,3,4,4,8,5)
    >
    > names(alternativesValues) <- c("x10","x1","x9","x2","x8",
    + "x3","x7","x4","x6","x5")
    >
    > plotAlternativesValuesPreorder(alternativesValues,
    + decreasing=TRUE,
    + alternativesIDs=c("x10","x3","x7",
    + "x4","x6","x5"))
    Error in plotAlternativesValuesPreorder(alternativesValues, decreasing = TRUE, :
     Rgraphviz package could not be loaded
    Execution halted
Flavors: r-devel-windows-x86_64-gcc10-UCRT, r-release-macos-arm64

Version: 0.0.21
Check: tests
Result: ERROR
     Running 'AHP.R'
     Running 'ELECTREIIIDistillation.R'
     Running 'LPDMRSort.R'
     Running 'LPDMRSortIdentifyIncompatibleAssignments.R'
     Running 'LPDMRSortIdentifyUsedDictatorProfiles.R'
     Running 'LPDMRSortIdentifyUsedVetoProfiles.R'
     Running 'LPDMRSortInferenceApprox.R'
     Running 'LPDMRSortInferenceExact.R'
     Running 'MARE.R'
     Running 'MRSort.R'
     Running 'MRSortIdentifyIncompatibleAssignments.R'
     Running 'MRSortIdentifyUsedVetoProfiles.R'
     Running 'MRSortInferenceApprox.R'
     Running 'MRSortInferenceExact.R'
     Running 'MRSortInterval.R'
     Running 'PROMETHEEI.R'
     Running 'PROMETHEEII.R'
     Running 'PROMETHEEOutrankingFlows.R'
     Running 'PROMETHEEPreferenceIndices.R'
     Running 'SRMP.R'
     Running 'SRMPInference.R'
     Running 'SRMPInferenceApprox.R'
     Running 'SRMPInferenceApproxFixedLexicographicOrder.R'
     Running 'SRMPInferenceApproxFixedProfilesNumber.R'
     Running 'SRMPInferenceFixedLexicographicOrder.R'
     Running 'SRMPInferenceFixedProfilesNumber.R'
     Running 'SRMPInferenceNoInconsist.R'
     Running 'SRMPInferenceNoInconsistFixedLexicographicOrder.R'
     Running 'SRMPInferenceNoInconsistFixedProfilesNumber.R'
     Running 'TOPSIS.R'
     Running 'UTA.R'
     Running 'UTADIS.R'
     Running 'UTASTAR.R'
     Running 'additiveValueFunctionElicitation.R'
     Running 'applyPiecewiseLinearValueFunctionsOnPerformanceTable.R'
     Running 'assignAlternativesToCategoriesByThresholds.R'
     Running 'normalizePerformanceTable.R'
     Running 'pairwiseConsistencyMeasures.R'
     Running 'plotAlternativesValuesPreorder.R'
    Running the tests in 'tests/plotAlternativesValuesPreorder.R' failed.
    Complete output:
     > library(MCDA)
     >
     > alternativesValues <- c(10,1,8,3,8,3,4,4,8,5)
     >
     > names(alternativesValues) <- c("x10","x1","x9","x2","x8","x3","x7","x4","x6","x5")
     >
     > plotAlternativesValuesPreorder(alternativesValues, decreasing=TRUE, alternativesIDs=c("x10","x3","x7","x4","x6","x5"))
     Error in plotAlternativesValuesPreorder(alternativesValues, decreasing = TRUE, :
     Rgraphviz package could not be loaded
     Execution halted
Flavor: r-devel-windows-x86_64-gcc10-UCRT

Version: 0.0.21
Check: tests
Result: ERROR
     Running ‘AHP.R’ [0s/0s]
     Running ‘ELECTREIIIDistillation.R’ [0s/0s]
     Running ‘LPDMRSort.R’ [0s/0s]
     Running ‘LPDMRSortIdentifyIncompatibleAssignments.R’ [2s/2s]
     Running ‘LPDMRSortIdentifyUsedDictatorProfiles.R’ [0s/0s]
     Running ‘LPDMRSortIdentifyUsedVetoProfiles.R’ [0s/0s]
     Running ‘LPDMRSortInferenceApprox.R’ [1s/1s]
     Running ‘LPDMRSortInferenceExact.R’ [1s/1s]
     Running ‘MARE.R’ [0s/0s]
     Running ‘MRSort.R’ [0s/0s]
     Running ‘MRSortIdentifyIncompatibleAssignments.R’ [1s/1s]
     Running ‘MRSortIdentifyUsedVetoProfiles.R’ [0s/0s]
     Running ‘MRSortInferenceApprox.R’ [2s/2s]
     Running ‘MRSortInferenceExact.R’ [0s/0s]
     Running ‘MRSortInterval.R’ [0s/0s]
     Running ‘PROMETHEEI.R’ [0s/0s]
     Running ‘PROMETHEEII.R’ [0s/0s]
     Running ‘PROMETHEEOutrankingFlows.R’ [0s/0s]
     Running ‘PROMETHEEPreferenceIndices.R’ [0s/0s]
     Running ‘SRMP.R’ [0s/0s]
     Running ‘SRMPInference.R’ [2s/2s]
     Running ‘SRMPInferenceApprox.R’ [0s/0s]
     Running ‘SRMPInferenceApproxFixedLexicographicOrder.R’ [0s/0s]
     Running ‘SRMPInferenceApproxFixedProfilesNumber.R’ [0s/0s]
     Running ‘SRMPInferenceFixedLexicographicOrder.R’ [0s/0s]
     Running ‘SRMPInferenceFixedProfilesNumber.R’ [2s/2s]
     Running ‘SRMPInferenceNoInconsist.R’ [0s/0s]
     Running ‘SRMPInferenceNoInconsistFixedLexicographicOrder.R’ [1s/1s]
     Running ‘SRMPInferenceNoInconsistFixedProfilesNumber.R’ [1s/1s]
     Running ‘TOPSIS.R’ [0s/0s]
     Running ‘UTA.R’ [0s/0s]
     Running ‘UTADIS.R’ [0s/0s]
     Running ‘UTASTAR.R’ [0s/0s]
     Running ‘additiveValueFunctionElicitation.R’ [0s/0s]
     Running ‘applyPiecewiseLinearValueFunctionsOnPerformanceTable.R’ [0s/0s]
     Running ‘assignAlternativesToCategoriesByThresholds.R’ [0s/0s]
     Running ‘normalizePerformanceTable.R’ [0s/0s]
     Running ‘pairwiseConsistencyMeasures.R’ [0s/0s]
     Running ‘plotAlternativesValuesPreorder.R’ [0s/0s]
    Running the tests in ‘tests/plotAlternativesValuesPreorder.R’ failed.
    Complete output:
     > library(MCDA)
     >
     > alternativesValues <- c(10,1,8,3,8,3,4,4,8,5)
     >
     > names(alternativesValues) <- c("x10","x1","x9","x2","x8","x3","x7","x4","x6","x5")
     >
     > plotAlternativesValuesPreorder(alternativesValues, decreasing=TRUE, alternativesIDs=c("x10","x3","x7","x4","x6","x5"))
     Error in plotAlternativesValuesPreorder(alternativesValues, decreasing = TRUE, :
     Rgraphviz package could not be loaded
     Execution halted
Flavor: r-release-macos-arm64