Last updated on 2024-08-16 11:49:44 CEST.
Flavor | Version | Tinstall | Tcheck | Ttotal | Status | Flags |
---|---|---|---|---|---|---|
r-devel-linux-x86_64-debian-clang | 1.7-0 | 636.93 | 121.25 | 758.18 | OK | |
r-devel-linux-x86_64-debian-gcc | 1.7-0 | 265.17 | 81.28 | 346.45 | OK | |
r-devel-linux-x86_64-fedora-clang | 1.7-0 | 1089.66 | NOTE | |||
r-devel-linux-x86_64-fedora-gcc | 1.7-0 | 946.96 | OK | |||
r-devel-windows-x86_64 | 1.7-0 | 332.00 | 162.00 | 494.00 | OK | |
r-patched-linux-x86_64 | 1.7-0 | 385.07 | 113.86 | 498.93 | OK | |
r-release-linux-x86_64 | 1.7-0 | 384.00 | 115.62 | 499.62 | OK | |
r-release-macos-arm64 | 1.7-0 | 220.00 | NOTE | |||
r-release-macos-x86_64 | 1.7-0 | 209.00 | NOTE | |||
r-release-windows-x86_64 | 1.7-0 | 340.00 | 160.00 | 500.00 | OK | |
r-oldrel-macos-arm64 | 1.7-0 | 227.00 | NOTE | |||
r-oldrel-macos-x86_64 | 1.7-0 | 253.00 | NOTE | |||
r-oldrel-windows-x86_64 | 1.7-0 | 401.00 | 203.00 | 604.00 | OK |
Version: 1.7-0
Check: installed package size
Result: NOTE
installed size is 6.8Mb
sub-directories of 1Mb or more:
libs 5.7Mb
Flavors: r-devel-linux-x86_64-fedora-clang, r-release-macos-arm64, r-release-macos-x86_64, r-oldrel-macos-arm64, r-oldrel-macos-x86_64