Last updated on 2023-06-06 01:03:32 CEST.
Flavor | Version | Tinstall | Tcheck | Ttotal | Status | Flags |
---|---|---|---|---|---|---|
r-devel-linux-x86_64-debian-clang | 0.4.0 | 106.73 | 82.13 | 188.86 | NOTE | |
r-devel-linux-x86_64-debian-gcc | 0.4.0 | 83.70 | 63.55 | 147.25 | NOTE | |
r-devel-linux-x86_64-fedora-clang | 0.4.0 | 256.76 | NOTE | |||
r-devel-linux-x86_64-fedora-gcc | 0.4.0 | 270.75 | NOTE | |||
r-devel-windows-x86_64 | 0.4.0 | 78.00 | 102.00 | 180.00 | NOTE | |
r-patched-linux-x86_64 | 0.4.0 | 80.52 | 80.34 | 160.86 | NOTE | |
r-release-linux-x86_64 | 0.4.0 | 82.05 | 79.42 | 161.47 | NOTE | |
r-release-macos-arm64 | 0.4.0 | 81.00 | NOTE | |||
r-release-macos-x86_64 | 0.4.0 | 123.00 | NOTE | |||
r-release-windows-x86_64 | 0.4.0 | 95.00 | 122.00 | 217.00 | NOTE | |
r-oldrel-macos-arm64 | 0.4.0 | 62.00 | NOTE | |||
r-oldrel-macos-x86_64 | 0.4.0 | 84.00 | NOTE | |||
r-oldrel-windows-x86_64 | 0.4.0 | 93.00 | 114.00 | 207.00 | NOTE |
Version: 0.4.0
Check: C++ specification
Result: NOTE
Specified C++11: please drop specification unless essential
Flavors: r-devel-linux-x86_64-debian-clang, r-devel-linux-x86_64-debian-gcc, r-devel-linux-x86_64-fedora-clang, r-devel-linux-x86_64-fedora-gcc, r-devel-windows-x86_64, r-patched-linux-x86_64, r-release-linux-x86_64, r-release-macos-arm64, r-release-macos-x86_64, r-release-windows-x86_64
Version: 0.4.0
Check: LazyData
Result: NOTE
'LazyData' is specified without a 'data' directory
Flavors: r-devel-linux-x86_64-debian-clang, r-devel-linux-x86_64-debian-gcc, r-devel-linux-x86_64-fedora-clang, r-devel-linux-x86_64-fedora-gcc, r-devel-windows-x86_64, r-patched-linux-x86_64, r-release-linux-x86_64, r-release-macos-arm64, r-release-macos-x86_64, r-release-windows-x86_64, r-oldrel-macos-arm64, r-oldrel-macos-x86_64, r-oldrel-windows-x86_64
Version: 0.4.0
Check: Rd cross-references
Result: NOTE
Undeclared package ‘coda’ in Rd xrefs
Flavor: r-devel-linux-x86_64-fedora-clang
Version: 0.4.0
Check: installed package size
Result: NOTE
installed size is 17.2Mb
sub-directories of 1Mb or more:
libs 16.7Mb
Flavors: r-release-macos-arm64, r-release-macos-x86_64, r-oldrel-macos-arm64, r-oldrel-macos-x86_64