CRAN Package Check Results for Package MCMCvis

Last updated on 2024-06-13 11:48:18 CEST.

Flavor Version Tinstall Tcheck Ttotal Status Flags
r-devel-linux-x86_64-debian-clang 0.16.3 8.65 92.96 101.61 NOTE
r-devel-linux-x86_64-debian-gcc 0.16.3 0.69 1.75 2.44 ERROR
r-devel-linux-x86_64-fedora-clang 0.16.3 128.54 NOTE
r-devel-linux-x86_64-fedora-gcc 0.16.3 128.32 NOTE
r-devel-windows-x86_64 0.16.3 7.00 84.00 91.00 NOTE
r-patched-linux-x86_64 0.16.3 6.79 87.87 94.66 NOTE
r-release-linux-x86_64 0.16.3 4.64 88.67 93.31 NOTE
r-release-macos-arm64 0.16.3 42.00 NOTE
r-release-macos-x86_64 0.16.3 94.00 NOTE
r-release-windows-x86_64 0.16.3 7.00 83.00 90.00 NOTE
r-oldrel-macos-arm64 0.16.3 37.00 NOTE
r-oldrel-macos-x86_64 0.16.3 75.00 NOTE
r-oldrel-windows-x86_64 0.16.3 9.00 97.00 106.00 NOTE

Check Details

Version: 0.16.3
Check: package dependencies
Result: NOTE Package suggested but not available for checking: ‘cmdstanr’ Flavors: r-devel-linux-x86_64-debian-clang, r-devel-linux-x86_64-fedora-clang, r-devel-linux-x86_64-fedora-gcc, r-devel-windows-x86_64, r-patched-linux-x86_64, r-release-linux-x86_64, r-release-macos-arm64, r-release-macos-x86_64, r-release-windows-x86_64, r-oldrel-macos-arm64, r-oldrel-macos-x86_64, r-oldrel-windows-x86_64

Version: 0.16.3
Check: package dependencies
Result: ERROR Packages required but not available: 'rstan', 'overlapping' Packages suggested but not available for checking: 'testthat', 'cmdstanr', 'posterior' See section ‘The DESCRIPTION file’ in the ‘Writing R Extensions’ manual. Flavor: r-devel-linux-x86_64-debian-gcc