CRAN Package Check Results for Package MESS

Last updated on 2019-05-20 12:04:08 CEST.

Flavor Version Tinstall Tcheck Ttotal Status Flags
r-devel-linux-x86_64-debian-clang 0.5.5 151.44 81.75 233.19 OK
r-devel-linux-x86_64-debian-gcc 0.5.5 118.76 65.24 184.00 OK
r-devel-linux-x86_64-fedora-clang 0.5.5 352.62 NOTE
r-devel-linux-x86_64-fedora-gcc 0.5.5 313.08 OK
r-devel-windows-ix86+x86_64 0.5.5 368.00 202.00 570.00 NOTE
r-patched-linux-x86_64 0.5.5 141.61 81.42 223.03 OK
r-patched-solaris-x86 0.5.5 372.70 OK
r-release-linux-x86_64 0.5.5 140.95 81.89 222.84 OK
r-release-windows-ix86+x86_64 0.5.5 371.00 205.00 576.00 NOTE
r-release-osx-x86_64 0.5.5 NOTE
r-oldrel-windows-ix86+x86_64 0.5.5 273.00 111.00 384.00 NOTE
r-oldrel-osx-x86_64 0.5.5 NOTE

Check Details

Version: 0.5.5
Check: installed package size
Result: NOTE
     installed size is 8.0Mb
     sub-directories of 1Mb or more:
     data 2.8Mb
     libs 4.9Mb
Flavors: r-devel-linux-x86_64-fedora-clang, r-devel-windows-ix86+x86_64, r-release-windows-ix86+x86_64, r-release-osx-x86_64, r-oldrel-windows-ix86+x86_64, r-oldrel-osx-x86_64