CRAN Package Check Results for Package MESS

Last updated on 2023-11-29 00:50:23 CET.

Flavor Version Tinstall Tcheck Ttotal Status Flags
r-devel-linux-x86_64-debian-clang 0.5.12 266.76 143.09 409.85 OK
r-devel-linux-x86_64-debian-gcc 0.5.12 172.54 105.08 277.62 OK
r-devel-linux-x86_64-fedora-clang 0.5.12 601.04 OK
r-devel-linux-x86_64-fedora-gcc 0.5.12 580.46 OK
r-devel-windows-x86_64 0.5.12 190.00 167.00 357.00 OK
r-patched-linux-x86_64 0.5.12 163.62 134.31 297.93 OK
r-release-linux-x86_64 0.5.12 178.85 136.29 315.14 OK
r-release-macos-arm64 0.5.12 120.00 NOTE
r-release-macos-x86_64 0.5.12 182.00 NOTE
r-release-windows-x86_64 0.5.12 260.00 195.00 455.00 OK
r-oldrel-macos-arm64 0.5.12 114.00 NOTE
r-oldrel-macos-x86_64 0.5.12 171.00 NOTE
r-oldrel-windows-x86_64 0.5.12 244.00 182.00 426.00 OK

Check Details

Version: 0.5.12
Check: installed package size
Result: NOTE installed size is 8.6Mb sub-directories of 1Mb or more: data 2.7Mb libs 5.5Mb Flavors: r-release-macos-arm64, r-release-macos-x86_64, r-oldrel-macos-arm64, r-oldrel-macos-x86_64