CRAN Package Check Results for Package MESS

Last updated on 2022-11-26 10:58:03 CET.

Flavor Version Tinstall Tcheck Ttotal Status Flags
r-devel-linux-x86_64-debian-clang 0.5.9 244.20 152.91 397.11 OK
r-devel-linux-x86_64-debian-gcc 0.5.9 189.78 113.55 303.33 OK
r-devel-linux-x86_64-fedora-clang 0.5.9 606.37 OK
r-devel-windows-x86_64 0.5.9 206.00 231.00 437.00 OK
r-patched-linux-x86_64 0.5.9 OK
r-release-linux-x86_64 0.5.9 193.46 139.78 333.24 OK
r-release-macos-arm64 0.5.9 119.00 NOTE
r-release-macos-x86_64 0.5.9 164.00 NOTE
r-release-windows-x86_64 0.5.9 211.00 208.00 419.00 OK
r-oldrel-macos-arm64 0.5.9 110.00 NOTE
r-oldrel-macos-x86_64 0.5.9 155.00 NOTE
r-oldrel-windows-ix86+x86_64 0.5.9 600.00 267.00 867.00 NOTE

Check Details

Version: 0.5.9
Check: installed package size
Result: NOTE
     installed size is 9.1Mb
     sub-directories of 1Mb or more:
     data 2.7Mb
     libs 5.9Mb
Flavors: r-release-macos-arm64, r-release-macos-x86_64, r-oldrel-macos-arm64, r-oldrel-macos-x86_64, r-oldrel-windows-ix86+x86_64