Last updated on 2023-06-07 23:40:40 CEST.
Flavor | Version | Tinstall | Tcheck | Ttotal | Status | Flags |
---|---|---|---|---|---|---|
r-devel-linux-x86_64-debian-clang | 1.1 | 2.40 | 38.12 | 40.52 | NOTE | |
r-devel-linux-x86_64-debian-gcc | 1.1 | 1.80 | 28.85 | 30.65 | NOTE | |
r-devel-linux-x86_64-fedora-clang | 1.1 | 49.95 | NOTE | |||
r-devel-linux-x86_64-fedora-gcc | 1.1 | 47.02 | NOTE | |||
r-devel-windows-x86_64 | 1.1 | 4.00 | 49.00 | 53.00 | NOTE | |
r-patched-linux-x86_64 | 1.1 | 1.89 | 35.62 | 37.51 | NOTE | |
r-release-linux-x86_64 | 1.1 | 1.85 | 36.06 | 37.91 | NOTE | |
r-release-macos-arm64 | 1.1 | 20.00 | NOTE | |||
r-release-macos-x86_64 | 1.1 | 30.00 | NOTE | |||
r-release-windows-x86_64 | 1.1 | 3.00 | 52.00 | 55.00 | NOTE | |
r-oldrel-macos-arm64 | 1.1 | 19.00 | NOTE | |||
r-oldrel-macos-x86_64 | 1.1 | 25.00 | NOTE | |||
r-oldrel-windows-x86_64 | 1.1 | 4.00 | 53.00 | 57.00 | NOTE |
Version: 1.1
Check: LazyData
Result: NOTE
'LazyData' is specified without a 'data' directory
Flavors: r-devel-linux-x86_64-debian-clang, r-devel-linux-x86_64-debian-gcc, r-devel-linux-x86_64-fedora-clang, r-devel-linux-x86_64-fedora-gcc, r-devel-windows-x86_64, r-patched-linux-x86_64, r-release-linux-x86_64, r-release-macos-arm64, r-release-macos-x86_64, r-release-windows-x86_64, r-oldrel-macos-arm64, r-oldrel-macos-x86_64, r-oldrel-windows-x86_64