CRAN Package Check Results for Package MFDFA

Last updated on 2024-05-25 11:49:37 CEST.

Flavor Version Tinstall Tcheck Ttotal Status Flags
r-devel-linux-x86_64-debian-clang 1.1 2.46 38.17 40.63 NOTE
r-devel-linux-x86_64-debian-gcc 1.1 1.82 28.65 30.47 NOTE
r-devel-linux-x86_64-fedora-clang 1.1 51.33 NOTE
r-devel-linux-x86_64-fedora-gcc 1.1 46.92 NOTE
r-devel-windows-x86_64 1.1 3.00 48.00 51.00 NOTE
r-patched-linux-x86_64 1.1 2.25 35.67 37.92 NOTE
r-release-linux-x86_64 1.1 2.49 36.79 39.28 NOTE
r-release-macos-arm64 1.1 17.00 NOTE
r-release-windows-x86_64 1.1 3.00 48.00 51.00 NOTE
r-oldrel-macos-arm64 1.1 20.00 NOTE
r-oldrel-macos-x86_64 1.1 30.00 NOTE
r-oldrel-windows-x86_64 1.1 3.00 52.00 55.00 NOTE

Check Details

Version: 1.1
Check: LazyData
Result: NOTE 'LazyData' is specified without a 'data' directory Flavors: r-devel-linux-x86_64-debian-clang, r-devel-linux-x86_64-debian-gcc, r-devel-linux-x86_64-fedora-clang, r-devel-linux-x86_64-fedora-gcc, r-devel-windows-x86_64, r-patched-linux-x86_64, r-release-linux-x86_64, r-release-macos-arm64, r-release-windows-x86_64, r-oldrel-macos-arm64, r-oldrel-macos-x86_64, r-oldrel-windows-x86_64