CRAN Package Check Results for Package MJMbamlss

Last updated on 2024-06-13 11:48:19 CEST.

Flavor Version Tinstall Tcheck Ttotal Status Flags
r-devel-linux-x86_64-debian-clang 0.1.0 26.30 192.78 219.08 OK
r-devel-linux-x86_64-debian-gcc 0.1.0 0.38 1.65 2.03 ERROR
r-devel-linux-x86_64-fedora-clang 0.1.0 269.36 OK
r-devel-linux-x86_64-fedora-gcc 0.1.0 251.36 OK
r-devel-windows-x86_64 0.1.0 25.00 142.00 167.00 OK
r-patched-linux-x86_64 0.1.0 25.96 181.02 206.98 OK
r-release-linux-x86_64 0.1.0 24.86 184.02 208.88 OK
r-release-macos-arm64 0.1.0 67.00 OK
r-release-macos-x86_64 0.1.0 102.00 OK
r-release-windows-x86_64 0.1.0 25.00 146.00 171.00 OK
r-oldrel-macos-arm64 0.1.0 70.00 OK
r-oldrel-macos-x86_64 0.1.0 144.00 OK
r-oldrel-windows-x86_64 0.1.0 32.00 180.00 212.00 OK

Check Details

Version: 0.1.0
Check: package dependencies
Result: ERROR Packages required but not available: 'bamlss', 'gamm4', 'refund', 'fdapace', 'sparseFLMM' Packages suggested but not available for checking: 'testthat', 'tidyverse' See section ‘The DESCRIPTION file’ in the ‘Writing R Extensions’ manual. Flavor: r-devel-linux-x86_64-debian-gcc