CRAN Package Check Results for Package MKclass

Last updated on 2022-10-07 05:52:00 CEST.

Flavor Version Tinstall Tcheck Ttotal Status Flags
r-devel-linux-x86_64-debian-clang 0.3 4.39 40.70 45.09 OK
r-devel-linux-x86_64-debian-gcc 0.3 3.70 30.23 33.93 OK
r-devel-linux-x86_64-fedora-clang 0.3 67.50 NOTE
r-devel-linux-x86_64-fedora-gcc 0.3 63.57 OK
r-devel-windows-x86_64 0.3 19.00 70.00 89.00 OK
r-patched-linux-x86_64 0.3 4.99 38.35 43.34 OK
r-release-linux-x86_64 0.3 5.25 38.41 43.66 OK
r-release-macos-arm64 0.3 20.00 OK
r-release-macos-x86_64 0.3 27.00 OK
r-release-windows-x86_64 0.3 23.00 68.00 91.00 OK
r-oldrel-macos-arm64 0.3 26.00 OK
r-oldrel-macos-x86_64 0.3 35.00 OK
r-oldrel-windows-ix86+x86_64 0.3 10.00 62.00 72.00 OK

Check Details

Version: 0.3
Check: Rd cross-references
Result: NOTE
    Undeclared package ‘rms’ in Rd xrefs
Flavor: r-devel-linux-x86_64-fedora-clang