CRAN Package Check Results for Package MKmisc

Last updated on 2021-04-15 05:48:01 CEST.

Flavor Version Tinstall Tcheck Ttotal Status Flags
r-devel-linux-x86_64-debian-clang 1.6 12.10 99.00 111.10 OK
r-devel-linux-x86_64-debian-gcc 1.6 7.55 73.03 80.58 OK
r-devel-linux-x86_64-fedora-clang 1.6 140.37 NOTE
r-devel-linux-x86_64-fedora-gcc 1.6 139.63 OK
r-devel-windows-ix86+x86_64 1.6 28.00 126.00 154.00 OK
r-devel-windows-x86_64-gcc10-UCRT 1.6 OK
r-patched-linux-x86_64 1.6 10.97 92.58 103.55 OK
r-patched-solaris-x86 1.6 161.70 OK
r-release-linux-x86_64 1.6 11.62 91.48 103.10 OK
r-release-macos-x86_64 1.6 OK
r-release-windows-ix86+x86_64 1.6 28.00 136.00 164.00 OK
r-oldrel-macos-x86_64 1.6 OK
r-oldrel-windows-ix86+x86_64 1.6 14.00 89.00 103.00 OK

Check Details

Version: 1.6
Check: Rd cross-references
Result: NOTE
    Undeclared packages ‘rms’, ‘Hmisc’, ‘genefilter’ in Rd xrefs
Flavor: r-devel-linux-x86_64-fedora-clang