Last updated on 2024-03-28 17:49:34 CET.
Flavor | Version | Tinstall | Tcheck | Ttotal | Status | Flags |
---|---|---|---|---|---|---|
r-devel-linux-x86_64-debian-clang | 1.0.1 | 7.65 | 108.75 | 116.40 | OK | |
r-devel-linux-x86_64-debian-gcc | 1.0.1 | 5.78 | 82.26 | 88.04 | OK | |
r-devel-linux-x86_64-fedora-clang | 1.0.1 | 146.47 | NOTE | |||
r-devel-linux-x86_64-fedora-gcc | 1.0.1 | 153.19 | NOTE | |||
r-devel-windows-x86_64 | 1.0.1 | 9.00 | 106.00 | 115.00 | OK | |
r-patched-linux-x86_64 | 1.0.1 | 6.18 | 107.06 | 113.24 | OK | |
r-release-linux-x86_64 | 1.0.1 | 5.59 | 105.34 | 110.93 | OK | |
r-release-macos-arm64 | 1.0.1 | 63.00 | OK | |||
r-release-macos-x86_64 | 1.0.1 | 91.00 | OK | |||
r-release-windows-x86_64 | 1.0.1 | 13.00 | 123.00 | 136.00 | OK | |
r-oldrel-macos-arm64 | 1.0.1 | 52.00 | NOTE | |||
r-oldrel-windows-x86_64 | 1.0.1 | 14.00 | 128.00 | 142.00 | OK |
Version: 1.0.1
Check: dependencies in R code
Result: NOTE
Namespace in Imports field not imported from: ‘nlme’
All declared Imports should be used.
Flavors: r-devel-linux-x86_64-fedora-clang, r-devel-linux-x86_64-fedora-gcc, r-oldrel-macos-arm64