CRAN Package Check Results for Package MLML2R

Last updated on 2020-08-09 23:47:24 CEST.

Flavor Version Tinstall Tcheck Ttotal Status Flags
r-devel-linux-x86_64-debian-clang 0.3.3 2.51 26.97 29.48 OK
r-devel-linux-x86_64-debian-gcc 0.3.3 1.78 20.57 22.35 OK
r-devel-linux-x86_64-fedora-clang 0.3.3 41.99 OK
r-devel-linux-x86_64-fedora-gcc 0.3.3 34.52 OK
r-devel-windows-ix86+x86_64 0.3.3 8.00 41.00 49.00 OK
r-patched-linux-x86_64 0.3.3 2.14 26.76 28.90 OK
r-patched-solaris-x86 0.3.3 49.90 NOTE
r-release-linux-x86_64 0.3.3 2.65 26.36 29.01 OK
r-release-macos-x86_64 0.3.3 OK
r-release-windows-ix86+x86_64 0.3.3 8.00 56.00 64.00 OK
r-oldrel-macos-x86_64 0.3.3 NOTE
r-oldrel-windows-ix86+x86_64 0.3.3 6.00 42.00 48.00 OK

Check Details

Version: 0.3.3
Check: package dependencies
Result: NOTE
    Packages suggested but not available for checking:
     'minfi', 'IlluminaHumanMethylation450kmanifest'
Flavor: r-patched-solaris-x86

Version: 0.3.3
Check: package dependencies
Result: NOTE
    Package suggested but not available for checking: ‘IlluminaHumanMethylation450kmanifest’
Flavor: r-oldrel-macos-x86_64