Last updated on 2023-06-07 10:58:42 CEST.
Flavor | Version | Tinstall | Tcheck | Ttotal | Status | Flags |
---|---|---|---|---|---|---|
r-devel-linux-x86_64-debian-clang | 1.1.1 | 1.66 | 25.16 | 26.82 | NOTE | |
r-devel-linux-x86_64-debian-gcc | 1.1.1 | 2.00 | 19.42 | 21.42 | NOTE | |
r-devel-linux-x86_64-fedora-clang | 1.1.1 | 36.18 | NOTE | |||
r-devel-linux-x86_64-fedora-gcc | 1.1.1 | 33.50 | NOTE | |||
r-devel-windows-x86_64 | 1.1.1 | 4.00 | 48.00 | 52.00 | NOTE | |
r-patched-linux-x86_64 | 1.1.1 | 2.97 | 24.40 | 27.37 | NOTE | |
r-release-linux-x86_64 | 1.1.1 | 1.94 | 23.91 | 25.85 | NOTE | |
r-release-macos-arm64 | 1.1.1 | 17.00 | NOTE | |||
r-release-macos-x86_64 | 1.1.1 | 22.00 | NOTE | |||
r-release-windows-x86_64 | 1.1.1 | 5.00 | 48.00 | 53.00 | NOTE | |
r-oldrel-macos-arm64 | 1.1.1 | 15.00 | NOTE | |||
r-oldrel-macos-x86_64 | 1.1.1 | 24.00 | NOTE | |||
r-oldrel-windows-x86_64 | 1.1.1 | 5.00 | 45.00 | 50.00 | NOTE |
Version: 1.1.1
Check: LazyData
Result: NOTE
'LazyData' is specified without a 'data' directory
Flavors: r-devel-linux-x86_64-debian-clang, r-devel-linux-x86_64-debian-gcc, r-devel-linux-x86_64-fedora-clang, r-devel-linux-x86_64-fedora-gcc, r-devel-windows-x86_64, r-patched-linux-x86_64, r-release-linux-x86_64, r-release-macos-arm64, r-release-macos-x86_64, r-release-windows-x86_64, r-oldrel-macos-arm64, r-oldrel-macos-x86_64, r-oldrel-windows-x86_64
Version: 1.1.1
Check: dependencies in R code
Result: NOTE
Namespace in Imports field not imported from: ‘utils’
All declared Imports should be used.
Flavors: r-devel-linux-x86_64-fedora-clang, r-devel-linux-x86_64-fedora-gcc, r-oldrel-macos-arm64, r-oldrel-macos-x86_64