Last updated on 2024-08-16 11:49:45 CEST.
Flavor | Version | Tinstall | Tcheck | Ttotal | Status | Flags |
---|---|---|---|---|---|---|
r-devel-linux-x86_64-debian-clang | 3.0.2 | 65.40 | 81.60 | 147.00 | OK | |
r-devel-linux-x86_64-debian-gcc | 3.0.2 | 56.25 | 64.89 | 121.14 | OK | |
r-devel-linux-x86_64-fedora-clang | 3.0.2 | 229.42 | OK | |||
r-devel-linux-x86_64-fedora-gcc | 3.0.2 | 272.45 | OK | |||
r-devel-windows-x86_64 | 3.0.2 | 62.00 | 110.00 | 172.00 | OK | |
r-patched-linux-x86_64 | 3.0.2 | 77.47 | 83.95 | 161.42 | OK | |
r-release-linux-x86_64 | 3.0.2 | 74.52 | 82.96 | 157.48 | OK | |
r-release-macos-arm64 | 3.0.2 | 63.00 | NOTE | |||
r-release-macos-x86_64 | 3.0.2 | 102.00 | NOTE | |||
r-release-windows-x86_64 | 3.0.2 | 63.00 | 109.00 | 172.00 | OK | |
r-oldrel-macos-arm64 | 3.0.2 | 73.00 | NOTE | |||
r-oldrel-macos-x86_64 | 3.0.2 | 115.00 | NOTE | |||
r-oldrel-windows-x86_64 | 3.0.2 | 78.00 | 135.00 | 213.00 | OK |
Version: 3.0.2
Check: installed package size
Result: NOTE
installed size is 28.5Mb
sub-directories of 1Mb or more:
libs 27.8Mb
Flavors: r-release-macos-arm64, r-release-macos-x86_64, r-oldrel-macos-arm64, r-oldrel-macos-x86_64