CRAN Package Check Results for Package MMDCopula

Last updated on 2021-06-15 17:50:29 CEST.

Flavor Version Tinstall Tcheck Ttotal Status Flags
r-devel-linux-x86_64-debian-clang 0.1.0 2.97 36.11 39.08 NOTE
r-devel-linux-x86_64-debian-gcc 0.1.0 2.25 27.95 30.20 NOTE
r-devel-linux-x86_64-fedora-clang 0.1.0 55.24 NOTE
r-devel-linux-x86_64-fedora-gcc 0.1.0 45.94 NOTE
r-devel-windows-x86_64 0.1.0 5.00 54.00 59.00 NOTE
r-devel-windows-x86_64-gcc10-UCRT 0.1.0 NOTE
r-patched-linux-x86_64 0.1.0 3.20 36.32 39.52 NOTE
r-patched-solaris-x86 0.1.0 67.20 NOTE
r-release-linux-x86_64 0.1.0 2.53 35.13 37.66 NOTE
r-release-macos-arm64 0.1.0 NOTE
r-release-macos-x86_64 0.1.0 NOTE
r-release-windows-ix86+x86_64 0.1.0 7.00 54.00 61.00 NOTE
r-oldrel-macos-x86_64 0.1.0 OK
r-oldrel-windows-ix86+x86_64 0.1.0 5.00 59.00 64.00 OK

Check Details

Version: 0.1.0
Check: LazyData
Result: NOTE
     'LazyData' is specified without a 'data' directory
Flavors: r-devel-linux-x86_64-debian-clang, r-devel-linux-x86_64-debian-gcc, r-devel-linux-x86_64-fedora-clang, r-devel-linux-x86_64-fedora-gcc, r-devel-windows-x86_64, r-devel-windows-x86_64-gcc10-UCRT, r-patched-linux-x86_64, r-patched-solaris-x86, r-release-linux-x86_64, r-release-macos-arm64, r-release-macos-x86_64, r-release-windows-ix86+x86_64