Last updated on 2021-01-19 11:47:55 CET.
Flavor | Version | Tinstall | Tcheck | Ttotal | Status | Flags |
---|---|---|---|---|---|---|
r-devel-linux-x86_64-debian-clang | 0.1.0 | 2.13 | 20.00 | 22.13 | OK | |
r-devel-linux-x86_64-debian-gcc | 0.1.0 | 1.73 | 16.19 | 17.92 | OK | |
r-devel-linux-x86_64-fedora-clang | 0.1.0 | 36.32 | NOTE | |||
r-devel-linux-x86_64-fedora-gcc | 0.1.0 | 26.64 | NOTE | |||
r-devel-windows-ix86+x86_64 | 0.1.0 | 6.00 | 29.00 | 35.00 | OK | |
r-patched-linux-x86_64 | 0.1.0 | 2.37 | 19.30 | 21.67 | OK | |
r-patched-solaris-x86 | 0.1.0 | 42.40 | NOTE | |||
r-release-linux-x86_64 | 0.1.0 | 2.32 | 19.91 | 22.23 | OK | |
r-release-macos-x86_64 | 0.1.0 | NOTE | ||||
r-release-windows-ix86+x86_64 | 0.1.0 | 6.00 | 29.00 | 35.00 | OK | |
r-oldrel-macos-x86_64 | 0.1.0 | NOTE | ||||
r-oldrel-windows-ix86+x86_64 | 0.1.0 | 3.00 | 26.00 | 29.00 | OK |
Version: 0.1.0
Check: dependencies in R code
Result: NOTE
Namespaces in Imports field not imported from:
‘caret’ ‘datasets’ ‘e1071’ ‘nnet’ ‘shiny’ ‘stats’
All declared Imports should be used.
Flavors: r-devel-linux-x86_64-fedora-clang, r-devel-linux-x86_64-fedora-gcc, r-patched-solaris-x86, r-release-macos-x86_64, r-oldrel-macos-x86_64