Last updated on 2024-05-04 05:50:27 CEST.
Flavor | Version | Tinstall | Tcheck | Ttotal | Status | Flags |
---|---|---|---|---|---|---|
r-devel-linux-x86_64-debian-clang | 0.2.2 | 6.32 | 265.52 | 271.84 | NOTE | |
r-devel-linux-x86_64-fedora-clang | 0.2.2 | 364.39 | NOTE | |||
r-devel-linux-x86_64-fedora-gcc | 0.2.2 | 421.26 | NOTE | |||
r-devel-windows-x86_64 | 0.2.2 | 6.00 | 292.00 | 298.00 | NOTE | |
r-patched-linux-x86_64 | 0.2.2 | 6.35 | 319.51 | 325.86 | NOTE | |
r-release-linux-x86_64 | 0.2.2 | 4.98 | 315.03 | 320.01 | NOTE | |
r-release-macos-arm64 | 0.2.2 | 151.00 | NOTE | |||
r-release-windows-x86_64 | 0.2.2 | 6.00 | 294.00 | 300.00 | NOTE | |
r-oldrel-macos-arm64 | 0.2.2 | 170.00 | OK | |||
r-oldrel-macos-x86_64 | 0.2.2 | 257.00 | OK | |||
r-oldrel-windows-x86_64 | 0.2.2 | 8.00 | 334.00 | 342.00 | OK |
Version: 0.2.2
Check: package dependencies
Result: NOTE
Package suggested but not available for checking: ‘annotate’
Flavor: r-devel-linux-x86_64-debian-clang
Version: 0.2.2
Check: Rd files
Result: NOTE
checkRd: (-1) ssvdEN_sol_path.Rd:58: Lost braces; missing escapes or markup?
58 | \item{tol}{Convergence is determined when ||U_j - U_{j-1}||_F < tol,
| ^
checkRd: (-1) ssvdEN_sol_path_par.Rd:59: Lost braces; missing escapes or markup?
59 | \item{tol}{Convergence is determined when ||U_j - U_{j-1}||_F < tol,
| ^
Flavors: r-devel-linux-x86_64-debian-clang, r-devel-linux-x86_64-fedora-clang, r-devel-linux-x86_64-fedora-gcc, r-devel-windows-x86_64, r-patched-linux-x86_64, r-release-linux-x86_64, r-release-macos-arm64, r-release-windows-x86_64