CRAN Package Check Results for Package MRH

Last updated on 2021-07-31 23:50:31 CEST.

Flavor Version Tinstall Tcheck Ttotal Status Flags
r-devel-linux-x86_64-debian-clang 2.2 14.20 88.53 102.73 NOTE
r-devel-linux-x86_64-debian-gcc 2.2 10.57 69.35 79.92 NOTE
r-devel-linux-x86_64-fedora-clang 2.2 134.58 NOTE
r-devel-linux-x86_64-fedora-gcc 2.2 124.89 NOTE
r-devel-windows-x86_64 2.2 16.00 108.00 124.00 OK
r-devel-windows-x86_64-gcc10-UCRT 2.2 OK
r-patched-linux-x86_64 2.2 NOTE
r-patched-solaris-x86 2.2 164.80 NOTE
r-release-linux-x86_64 2.2 15.12 86.17 101.29 NOTE
r-release-macos-arm64 2.2 OK
r-release-macos-x86_64 2.2 OK
r-release-windows-ix86+x86_64 2.2 29.00 94.00 123.00 OK
r-oldrel-macos-x86_64 2.2 OK
r-oldrel-windows-ix86+x86_64 2.2 24.00 131.00 155.00 OK

Check Details

Version: 2.2
Check: for non-standard things in the check directory
Result: NOTE
    Found the following files/directories:
     'MRH_lung'
Flavors: r-devel-linux-x86_64-debian-clang, r-devel-linux-x86_64-debian-gcc, r-devel-linux-x86_64-fedora-clang, r-devel-linux-x86_64-fedora-gcc, r-patched-linux-x86_64, r-patched-solaris-x86, r-release-linux-x86_64

Version: 2.2
Check: compiled code
Result: NOTE
    File ‘MRH/libs/MRH.so’:
     Found no calls to: ‘R_registerRoutines’, ‘R_useDynamicSymbols’
    
    It is good practice to register native routines and to disable symbol
    search.
    
    See ‘Writing portable packages’ in the ‘Writing R Extensions’ manual.
Flavors: r-devel-linux-x86_64-fedora-clang, r-devel-linux-x86_64-fedora-gcc