Last updated on 2024-08-31 23:49:09 CEST.
Flavor | Version | Tinstall | Tcheck | Ttotal | Status | Flags |
---|---|---|---|---|---|---|
r-devel-linux-x86_64-debian-clang | 3.1.0 | 38.80 | 268.01 | 306.81 | NOTE | |
r-devel-linux-x86_64-debian-gcc | 3.1.0 | 25.63 | 189.73 | 215.36 | NOTE | |
r-devel-linux-x86_64-fedora-clang | 3.1.0 | 521.16 | OK | |||
r-devel-linux-x86_64-fedora-gcc | 3.1.0 | 466.40 | OK | |||
r-devel-windows-x86_64 | 3.1.0 | 40.00 | 238.00 | 278.00 | NOTE | |
r-patched-linux-x86_64 | 3.1.0 | 44.70 | 245.64 | 290.34 | OK | |
r-release-linux-x86_64 | 3.1.0 | 34.66 | 252.66 | 287.32 | OK | |
r-release-macos-arm64 | 3.1.0 | 128.00 | OK | |||
r-release-macos-x86_64 | 3.1.0 | 184.00 | OK | |||
r-release-windows-x86_64 | 3.1.0 | 39.00 | 240.00 | 279.00 | OK | |
r-oldrel-macos-arm64 | 3.1.0 | 141.00 | OK | |||
r-oldrel-macos-x86_64 | 3.1.0 | 222.00 | OK | |||
r-oldrel-windows-x86_64 | 3.1.0 | 54.00 | 327.00 | 381.00 | OK |
Version: 3.1.0
Check: Rd cross-references
Result: NOTE
Found the following Rd file(s) with Rd \link{} targets missing package
anchors:
CompareMethodsNodeOrdering.Rd: pc, pc.stable, mmpc, mmhc, hc
CompareMethodsVStructure.Rd: pc, pc.stable, mmpc, mmhc, hc
CutModules.Rd: cut2
EdgeOrientation.Rd: graph-class
MRPC.Rd: pc, ci.test, gaussCItest, graph-class
MRPCclass.Rd: pcAlgo-class, skeleton, pc, graph-class
ModiSkeleton.Rd: skeleton, pc, ci.test, graph-class
PlotDendrogram.Rd: plotDendroAndColors
PlotGraphWithModules.Rd: ggnet2
data_with_outliers.Rd: pc, pc.stable, mmpc, mmhc, hc
data_without_outliers.Rd: pc, pc.stable, mmpc, mmhc, hc
Please provide package anchors for all Rd \link{} targets not in the
package itself and the base packages.
Flavors: r-devel-linux-x86_64-debian-clang, r-devel-linux-x86_64-debian-gcc, r-devel-windows-x86_64