Last updated on 2024-04-17 17:56:29 CEST.
Flavor | Version | Tinstall | Tcheck | Ttotal | Status | Flags |
---|---|---|---|---|---|---|
r-devel-linux-x86_64-debian-clang | 2.1.0 | 13.21 | 95.84 | 109.05 | NOTE | |
r-devel-linux-x86_64-debian-gcc | 2.1.0 | 9.17 | 72.21 | 81.38 | NOTE | |
r-devel-linux-x86_64-fedora-clang | 2.1.0 | 135.41 | NOTE | |||
r-devel-linux-x86_64-fedora-gcc | 2.1.0 | 126.84 | NOTE | |||
r-prerel-macos-arm64 | 2.1.0 | 38.00 | NOTE | |||
r-prerel-windows-x86_64 | 2.1.0 | 10.00 | 82.00 | 92.00 | NOTE | |
r-patched-linux-x86_64 | 2.1.0 | 9.80 | 93.11 | 102.91 | NOTE | |
r-release-linux-x86_64 | 2.1.0 | 10.44 | 96.46 | 106.90 | NOTE | |
r-release-macos-arm64 | 2.1.0 | 47.00 | NOTE | |||
r-release-macos-x86_64 | 2.1.0 | 61.00 | NOTE | |||
r-release-windows-x86_64 | 2.1.0 | 15.00 | 100.00 | 115.00 | NOTE | |
r-oldrel-macos-arm64 | 2.1.0 | 41.00 | NOTE | |||
r-oldrel-windows-x86_64 | 2.1.0 | 14.00 | 103.00 | 117.00 | NOTE |
Version: 2.1.0
Check: LazyData
Result: NOTE
'LazyData' is specified without a 'data' directory
Flavors: r-devel-linux-x86_64-debian-clang, r-devel-linux-x86_64-debian-gcc, r-devel-linux-x86_64-fedora-clang, r-devel-linux-x86_64-fedora-gcc, r-prerel-macos-arm64, r-prerel-windows-x86_64, r-patched-linux-x86_64, r-release-linux-x86_64, r-release-macos-arm64, r-release-macos-x86_64, r-release-windows-x86_64, r-oldrel-macos-arm64, r-oldrel-windows-x86_64