Last updated on 2024-08-16 11:49:46 CEST.
Flavor | Version | Tinstall | Tcheck | Ttotal | Status | Flags |
---|---|---|---|---|---|---|
r-devel-linux-x86_64-debian-clang | 0.1.4 | 2.06 | 24.18 | 26.24 | NOTE | |
r-devel-linux-x86_64-debian-gcc | 0.1.4 | 1.47 | 19.59 | 21.06 | NOTE | |
r-devel-linux-x86_64-fedora-clang | 0.1.4 | 42.87 | OK | |||
r-devel-linux-x86_64-fedora-gcc | 0.1.4 | 53.28 | OK | |||
r-devel-windows-x86_64 | 0.1.4 | 3.00 | 45.00 | 48.00 | NOTE | |
r-patched-linux-x86_64 | 0.1.4 | 2.87 | 23.07 | 25.94 | OK | |
r-release-linux-x86_64 | 0.1.4 | 1.91 | 23.16 | 25.07 | OK | |
r-release-macos-arm64 | 0.1.4 | 24.00 | OK | |||
r-release-macos-x86_64 | 0.1.4 | 33.00 | OK | |||
r-release-windows-x86_64 | 0.1.4 | 3.00 | 46.00 | 49.00 | OK | |
r-oldrel-macos-arm64 | 0.1.4 | 23.00 | OK | |||
r-oldrel-macos-x86_64 | 0.1.4 | 35.00 | OK | |||
r-oldrel-windows-x86_64 | 0.1.4 | 3.00 | 46.00 | 49.00 | OK |
Version: 0.1.4
Check: Rd cross-references
Result: NOTE
Found the following Rd file(s) with Rd \link{} targets missing package
anchors:
mvlm.Rd: davies
Please provide package anchors for all Rd \link{} targets not in the
package itself and the base packages.
Flavors: r-devel-linux-x86_64-debian-clang, r-devel-linux-x86_64-debian-gcc, r-devel-windows-x86_64