CRAN Package Check Results for Package MXM

Last updated on 2021-06-16 11:54:26 CEST.

Flavor Version Tinstall Tcheck Ttotal Status Flags
r-devel-linux-x86_64-debian-clang 1.5.1 87.61 570.96 658.57 OK
r-devel-linux-x86_64-debian-gcc 1.5.1 67.76 403.80 471.56 OK
r-devel-linux-x86_64-fedora-clang 1.5.1 815.89 NOTE
r-devel-linux-x86_64-fedora-gcc 1.5.1 759.57 NOTE
r-devel-windows-x86_64 1.5.1 133.00 648.00 781.00 OK
r-devel-windows-x86_64-gcc10-UCRT 1.5.1 NOTE
r-patched-linux-x86_64 1.5.1 83.01 533.07 616.08 OK
r-patched-solaris-x86 1.5.1 900.20 NOTE
r-release-linux-x86_64 1.5.1 75.06 533.86 608.92 OK
r-release-macos-arm64 1.5.1 NOTE
r-release-macos-x86_64 1.5.1 NOTE
r-release-windows-ix86+x86_64 1.5.1 141.00 637.00 778.00 OK
r-oldrel-macos-x86_64 1.5.1 NOTE
r-oldrel-windows-ix86+x86_64 1.5.1 145.00 643.00 788.00 OK

Check Details

Version: 1.5.1
Check: dependencies in R code
Result: NOTE
    Namespace in Imports field not imported from: ‘knitr’
     All declared Imports should be used.
Flavors: r-devel-linux-x86_64-fedora-clang, r-devel-linux-x86_64-fedora-gcc, r-devel-windows-x86_64-gcc10-UCRT, r-patched-solaris-x86, r-release-macos-arm64, r-release-macos-x86_64, r-oldrel-macos-x86_64