CRAN Package Check Results for Package ManifoldOptim

Last updated on 2019-02-24 00:08:08 CET.

Flavor Version Tinstall Tcheck Ttotal Status Flags
r-devel-linux-x86_64-debian-clang 0.1.4 168.93 24.20 193.13 OK
r-devel-linux-x86_64-debian-gcc 0.1.4 130.97 19.71 150.68 WARN
r-devel-linux-x86_64-fedora-clang 0.1.4 342.01 NOTE
r-devel-linux-x86_64-fedora-gcc 0.1.4 275.79 WARN
r-devel-windows-ix86+x86_64 0.1.4 789.00 66.00 855.00 OK
r-patched-linux-x86_64 0.1.4 165.16 22.72 187.88 OK
r-patched-solaris-x86 0.1.4 222.80 OK
r-release-linux-x86_64 0.1.4 157.12 22.72 179.84 OK
r-release-windows-ix86+x86_64 0.1.4 838.00 77.00 915.00 OK
r-release-osx-x86_64 0.1.4 NOTE
r-oldrel-windows-ix86+x86_64 0.1.4 614.00 74.00 688.00 OK
r-oldrel-osx-x86_64 0.1.4 NOTE

Check Details

Version: 0.1.4
Check: whether package can be installed
Result: WARN
    Found the following significant warnings:
     Manifolds/SmartSpace.cpp:147:25: warning: catching polymorphic type ‘class std::bad_alloc’ by value [-Wcatch-value=]
Flavors: r-devel-linux-x86_64-debian-gcc, r-devel-linux-x86_64-fedora-gcc

Version: 0.1.4
Check: installed package size
Result: NOTE
     installed size is 9.2Mb
     sub-directories of 1Mb or more:
     libs 8.8Mb
Flavors: r-devel-linux-x86_64-fedora-clang, r-release-osx-x86_64, r-oldrel-osx-x86_64