CRAN Package Check Results for Package ManifoldOptim

Last updated on 2019-07-16 05:48:20 CEST.

Flavor Version Tinstall Tcheck Ttotal Status Flags
r-devel-linux-x86_64-debian-clang 0.1.4 177.79 23.49 201.28 OK
r-devel-linux-x86_64-debian-gcc 0.1.4 136.06 20.06 156.12 WARN
r-devel-linux-x86_64-fedora-clang 0.1.4 331.02 NOTE
r-devel-linux-x86_64-fedora-gcc 0.1.4 284.30 WARN
r-devel-windows-ix86+x86_64 0.1.4 830.00 65.00 895.00 OK
r-patched-linux-x86_64 0.1.4 156.38 23.97 180.35 WARN
r-patched-solaris-x86 0.1.4 282.30 OK
r-release-linux-x86_64 0.1.4 152.97 24.08 177.05 WARN
r-release-windows-ix86+x86_64 0.1.4 604.00 82.00 686.00 OK
r-release-osx-x86_64 0.1.4 NOTE
r-oldrel-windows-ix86+x86_64 0.1.4 910.00 63.00 973.00 OK
r-oldrel-osx-x86_64 0.1.4 NOTE

Check Details

Version: 0.1.4
Check: whether package can be installed
Result: WARN
    Found the following significant warnings:
     Manifolds/SmartSpace.cpp:147:25: warning: catching polymorphic type ‘class std::bad_alloc’ by value [-Wcatch-value=]
Flavors: r-devel-linux-x86_64-debian-gcc, r-devel-linux-x86_64-fedora-gcc, r-patched-linux-x86_64, r-release-linux-x86_64

Version: 0.1.4
Check: installed package size
Result: NOTE
     installed size is 9.2Mb
     sub-directories of 1Mb or more:
     libs 8.8Mb
Flavors: r-devel-linux-x86_64-fedora-clang, r-release-osx-x86_64, r-oldrel-osx-x86_64