CRAN Package Check Results for Package ManifoldOptim

Last updated on 2019-04-18 17:50:31 CEST.

Flavor Version Tinstall Tcheck Ttotal Status Flags
r-devel-linux-x86_64-debian-clang 0.1.4 173.52 24.72 198.24 OK
r-devel-linux-x86_64-debian-gcc 0.1.4 135.15 19.93 155.08 WARN
r-devel-linux-x86_64-fedora-clang 0.1.4 339.56 NOTE
r-devel-linux-x86_64-fedora-gcc 0.1.4 275.70 WARN
r-devel-windows-ix86+x86_64 0.1.4 819.00 67.00 886.00 OK
r-patched-linux-x86_64 0.1.4 156.89 24.52 181.41 WARN
r-patched-solaris-x86 0.1.4 270.30 OK
r-release-linux-x86_64 0.1.4 155.39 22.97 178.36 OK
r-release-windows-ix86+x86_64 0.1.4 596.00 62.00 658.00 OK
r-release-osx-x86_64 0.1.4 NOTE
r-oldrel-windows-ix86+x86_64 0.1.4 583.00 72.00 655.00 OK
r-oldrel-osx-x86_64 0.1.4 NOTE

Check Details

Version: 0.1.4
Check: whether package can be installed
Result: WARN
    Found the following significant warnings:
     Manifolds/SmartSpace.cpp:147:25: warning: catching polymorphic type ‘class std::bad_alloc’ by value [-Wcatch-value=]
Flavors: r-devel-linux-x86_64-debian-gcc, r-devel-linux-x86_64-fedora-gcc, r-patched-linux-x86_64

Version: 0.1.4
Check: installed package size
Result: NOTE
     installed size is 9.2Mb
     sub-directories of 1Mb or more:
     libs 8.8Mb
Flavors: r-devel-linux-x86_64-fedora-clang, r-release-osx-x86_64, r-oldrel-osx-x86_64