Last updated on 2023-03-20 11:53:51 CET.
Flavor | Version | Tinstall | Tcheck | Ttotal | Status | Flags |
---|---|---|---|---|---|---|
r-devel-linux-x86_64-debian-clang | 1.3.6 | NOTE | ||||
r-devel-linux-x86_64-debian-gcc | 1.3.6 | 13.33 | 51.54 | 64.87 | NOTE | |
r-devel-linux-x86_64-fedora-clang | 1.3.6 | 110.47 | NOTE | |||
r-devel-linux-x86_64-fedora-gcc | 1.3.6 | 120.31 | NOTE | |||
r-devel-windows-x86_64 | 1.3.6 | 146.00 | 124.00 | 270.00 | NOTE | |
r-patched-linux-x86_64 | 1.3.6 | 22.85 | 71.62 | 94.47 | OK | |
r-release-linux-x86_64 | 1.3.6 | 21.24 | 71.28 | 92.52 | OK | |
r-release-macos-arm64 | 1.3.6 | 63.00 | OK | |||
r-release-macos-x86_64 | 1.3.6 | 81.00 | OK | |||
r-release-windows-x86_64 | 1.3.6 | 163.00 | 125.00 | 288.00 | OK | |
r-oldrel-macos-arm64 | 1.3.6 | 90.00 | OK | |||
r-oldrel-macos-x86_64 | 1.3.6 | 99.00 | OK | |||
r-oldrel-windows-ix86+x86_64 | 1.3.6 | 28.00 | 97.00 | 125.00 | OK |
Version: 1.3.6
Check: Rd files
Result: NOTE
checkRd: (-1) Interpolation-class.Rd:41: Escaped LaTeX specials: \#
checkRd: (-1) MareyMap-class.Rd:85: Escaped LaTeX specials: \_
checkRd: (-1) MareyMap-methods.Rd:11: Escaped LaTeX specials: \_ \_ \_ \_
checkRd: (-1) MareyMap-methods.Rd:12: Escaped LaTeX specials: \_
checkRd: (-1) SpeciesMaps-methods.Rd:11: Escaped LaTeX specials: \_
checkRd: (-1) interpolation-methods.Rd:13: Escaped LaTeX specials: \_
Flavors: r-devel-linux-x86_64-debian-clang, r-devel-linux-x86_64-debian-gcc, r-devel-linux-x86_64-fedora-clang, r-devel-linux-x86_64-fedora-gcc, r-devel-windows-x86_64