CRAN Package Check Results for Package MarginalMediation

Last updated on 2021-01-28 06:49:58 CET.

Flavor Version Tinstall Tcheck Ttotal Status Flags
r-devel-linux-x86_64-debian-clang 0.7.0 5.25 100.91 106.16 OK
r-devel-linux-x86_64-debian-gcc 0.7.0 4.12 72.72 76.84 OK
r-devel-linux-x86_64-fedora-clang 0.7.0 128.29 NOTE
r-devel-linux-x86_64-fedora-gcc 0.7.0 126.78 NOTE
r-devel-windows-ix86+x86_64 0.7.0 14.00 132.00 146.00 OK
r-patched-linux-x86_64 0.7.0 4.90 94.17 99.07 OK
r-patched-solaris-x86 0.7.0 167.70 NOTE
r-release-linux-x86_64 0.7.0 5.37 92.99 98.36 OK
r-release-macos-x86_64 0.7.0 NOTE
r-release-windows-ix86+x86_64 0.7.0 13.00 93.00 106.00 OK
r-oldrel-macos-x86_64 0.7.0 NOTE
r-oldrel-windows-ix86+x86_64 0.7.0 15.00 123.00 138.00 OK

Check Details

Version: 0.7.0
Check: dependencies in R code
Result: NOTE
    Namespace in Imports field not imported from: ‘betareg’
     All declared Imports should be used.
Flavors: r-devel-linux-x86_64-fedora-clang, r-devel-linux-x86_64-fedora-gcc, r-patched-solaris-x86, r-release-macos-x86_64, r-oldrel-macos-x86_64