CRAN Package Check Results for Package MatchIt

Last updated on 2021-01-16 05:47:09 CET.

Flavor Version Tinstall Tcheck Ttotal Status Flags
r-devel-linux-x86_64-debian-clang 4.1.0 77.51 218.63 296.14 OK
r-devel-linux-x86_64-debian-gcc 4.1.0 45.62 164.69 210.31 OK
r-devel-linux-x86_64-fedora-clang 4.1.0 365.82 NOTE
r-devel-linux-x86_64-fedora-gcc 4.1.0 349.38 OK
r-devel-windows-ix86+x86_64 4.1.0 116.00 234.00 350.00 OK
r-patched-linux-x86_64 4.1.0 56.52 208.78 265.30 OK
r-patched-solaris-x86 4.1.0 424.40 OK
r-release-linux-x86_64 4.1.0 54.86 208.59 263.45 OK
r-release-macos-x86_64 4.1.0 OK
r-release-windows-ix86+x86_64 4.1.0 156.00 248.00 404.00 OK
r-oldrel-macos-x86_64 4.1.0 OK
r-oldrel-windows-ix86+x86_64 4.1.0 142.00 302.00 444.00 OK

Check Details

Version: 4.1.0
Check: installed package size
Result: NOTE
     installed size is 5.3Mb
     sub-directories of 1Mb or more:
     doc 1.4Mb
     libs 3.0Mb
Flavor: r-devel-linux-x86_64-fedora-clang