CRAN Package Check Results for Package Matrix.utils

Last updated on 2022-06-30 17:49:49 CEST.

Flavor Version Tinstall Tcheck Ttotal Status Flags
r-devel-linux-x86_64-debian-clang 0.9.8 6.04 73.96 80.00 NOTE
r-devel-linux-x86_64-debian-gcc 0.9.8 5.35 57.38 62.73 NOTE
r-devel-linux-x86_64-fedora-clang 0.9.8 111.29 NOTE
r-devel-linux-x86_64-fedora-gcc 0.9.8 109.48 NOTE
r-devel-windows-x86_64 0.9.8 20.00 103.00 123.00 NOTE
r-patched-linux-x86_64 0.9.8 7.60 71.41 79.01 NOTE
r-release-linux-x86_64 0.9.8 8.96 72.91 81.87 NOTE
r-release-macos-arm64 0.9.8 34.00 NOTE
r-release-macos-x86_64 0.9.8 46.00 NOTE
r-release-windows-x86_64 0.9.8 18.00 105.00 123.00 NOTE
r-oldrel-macos-arm64 0.9.8 39.00 NOTE
r-oldrel-macos-x86_64 0.9.8 67.00 NOTE
r-oldrel-windows-ix86+x86_64 0.9.8 19.00 95.00 114.00 NOTE

Check Details

Version: 0.9.8
Check: LazyData
Result: NOTE
     'LazyData' is specified without a 'data' directory
Flavors: r-devel-linux-x86_64-debian-clang, r-devel-linux-x86_64-debian-gcc, r-devel-linux-x86_64-fedora-clang, r-devel-linux-x86_64-fedora-gcc, r-devel-windows-x86_64, r-patched-linux-x86_64, r-release-linux-x86_64, r-release-macos-arm64, r-release-macos-x86_64, r-release-windows-x86_64, r-oldrel-macos-arm64, r-oldrel-macos-x86_64, r-oldrel-windows-ix86+x86_64

Version: 0.9.8
Check: Rd cross-references
Result: NOTE
    Undeclared packages ‘dplyr’, ‘plyr’, ‘reshape2’, ‘reshape’ in Rd xrefs
Flavor: r-devel-linux-x86_64-fedora-clang