Last updated on 2024-03-28 17:49:33 CET.
Flavor | Version | Tinstall | Tcheck | Ttotal | Status | Flags |
---|---|---|---|---|---|---|
r-devel-linux-x86_64-debian-clang | 0.1.15 | 164.61 | 225.89 | 390.50 | OK | |
r-devel-linux-x86_64-debian-gcc | 0.1.15 | 130.23 | 162.98 | 293.21 | OK | |
r-devel-linux-x86_64-fedora-clang | 0.1.15 | 497.80 | OK | |||
r-devel-linux-x86_64-fedora-gcc | 0.1.15 | 525.56 | OK | |||
r-devel-windows-x86_64 | 0.1.15 | 126.00 | 190.00 | 316.00 | OK | |
r-patched-linux-x86_64 | 0.1.15 | 165.49 | 212.01 | 377.50 | OK | |
r-release-linux-x86_64 | 0.1.15 | 148.51 | 213.64 | 362.15 | OK | |
r-release-macos-arm64 | 0.1.15 | 124.00 | NOTE | |||
r-release-macos-x86_64 | 0.1.15 | 268.00 | NOTE | |||
r-release-windows-x86_64 | 0.1.15 | 161.00 | 243.00 | 404.00 | OK | |
r-oldrel-macos-arm64 | 0.1.15 | 113.00 | NOTE | |||
r-oldrel-windows-x86_64 | 0.1.15 | 143.00 | 236.00 | 379.00 | OK |
Version: 0.1.15
Check: installed package size
Result: NOTE
installed size is 11.3Mb
sub-directories of 1Mb or more:
R 2.1Mb
libs 9.0Mb
Flavors: r-release-macos-arm64, r-release-macos-x86_64, r-oldrel-macos-arm64