CRAN Package Check Results for Package MaxPro

Last updated on 2019-03-23 17:48:02 CET.

Flavor Version Tinstall Tcheck Ttotal Status Flags
r-devel-linux-x86_64-debian-clang 4.1-2 3.63 20.56 24.19 OK
r-devel-linux-x86_64-debian-gcc 4.1-2 2.88 16.70 19.58 OK
r-devel-linux-x86_64-fedora-clang 4.1-2 30.16 OK
r-devel-linux-x86_64-fedora-gcc 4.1-2 28.70 OK
r-devel-windows-ix86+x86_64 4.1-2 13.00 56.00 69.00 OK
r-patched-linux-x86_64 4.1-2 2.74 19.35 22.09 OK
r-patched-solaris-x86 4.1-2 42.00 OK
r-release-linux-x86_64 4.1-2 0.29 2.00 2.29 ERROR
r-release-windows-ix86+x86_64 4.1-2 8.00 44.00 52.00 OK
r-release-osx-x86_64 4.1-2 OK
r-oldrel-windows-ix86+x86_64 4.1-2 10.00 57.00 67.00 OK
r-oldrel-osx-x86_64 4.1-2 OK

Check Details

Version: 4.1-2
Check: whether package can be installed
Result: ERROR
    Installation failed.
Flavor: r-release-linux-x86_64