CRAN Package Check Results for Package MazamaSpatialPlots

Last updated on 2022-01-18 10:17:20 CET.

Flavor Version Tinstall Tcheck Ttotal Status Flags
r-devel-linux-x86_64-debian-clang 0.1.2 29.99 317.12 347.11 OK
r-devel-linux-x86_64-debian-gcc 0.1.2 27.93 253.26 281.19 OK
r-devel-linux-x86_64-fedora-clang 0.1.2 409.81 NOTE
r-devel-linux-x86_64-fedora-gcc 0.1.2 441.21 NOTE
r-devel-windows-x86_64-new-UL 0.1.2 108.00 342.00 450.00 OK
r-devel-windows-x86_64-new-TK 0.1.2 NOTE
r-patched-linux-x86_64 0.1.2 30.64 308.00 338.64 OK
r-release-linux-x86_64 0.1.2 OK
r-release-macos-arm64 0.1.2 NOTE
r-release-macos-x86_64 0.1.2 NOTE
r-release-windows-ix86+x86_64 0.1.2 83.00 396.00 479.00 OK
r-oldrel-macos-x86_64 0.1.2 NOTE
r-oldrel-windows-ix86+x86_64 0.1.2 84.00 398.00 482.00 OK

Check Details

Version: 0.1.2
Check: dependencies in R code
Result: NOTE
    Namespace in Imports field not imported from: ‘sf’
     All declared Imports should be used.
Flavors: r-devel-linux-x86_64-fedora-clang, r-devel-linux-x86_64-fedora-gcc, r-devel-windows-x86_64-new-TK, r-release-macos-arm64, r-release-macos-x86_64, r-oldrel-macos-x86_64

Version: 0.1.2
Check: data for non-ASCII characters
Result: NOTE
     Note: found 18 marked UTF-8 strings
Flavors: r-devel-linux-x86_64-fedora-clang, r-devel-linux-x86_64-fedora-gcc, r-devel-windows-x86_64-new-TK, r-release-macos-arm64, r-release-macos-x86_64, r-oldrel-macos-x86_64