Last updated on 2022-05-16 23:55:36 CEST.
Flavor | Version | Tinstall | Tcheck | Ttotal | Status | Flags |
---|---|---|---|---|---|---|
r-devel-linux-x86_64-debian-clang | 0.7.6 | 9.25 | 111.74 | 120.99 | OK | |
r-devel-linux-x86_64-debian-gcc | 0.7.6 | 8.89 | 83.57 | 92.46 | OK | |
r-devel-linux-x86_64-fedora-clang | 0.7.6 | 142.70 | NOTE | |||
r-devel-linux-x86_64-fedora-gcc | 0.7.6 | 158.29 | NOTE | |||
r-devel-windows-x86_64 | 0.7.6 | 205.00 | 168.00 | 373.00 | OK | |
r-patched-linux-x86_64 | 0.7.6 | 12.14 | 107.77 | 119.91 | OK | |
r-release-linux-x86_64 | 0.7.6 | 9.09 | 106.17 | 115.26 | OK | |
r-release-macos-arm64 | 0.7.6 | 47.00 | NOTE | |||
r-release-macos-x86_64 | 0.7.6 | 79.00 | NOTE | |||
r-release-windows-x86_64 | 0.7.6 | 357.00 | 169.00 | 526.00 | OK | |
r-oldrel-macos-arm64 | 0.7.6 | 42.00 | NOTE | |||
r-oldrel-macos-x86_64 | 0.7.6 | 65.00 | NOTE | |||
r-oldrel-windows-ix86+x86_64 | 0.7.6 | 39.00 | 174.00 | 213.00 | OK |
Version: 0.7.6
Check: data for non-ASCII characters
Result: NOTE
Note: found 17 marked UTF-8 strings
Flavors: r-devel-linux-x86_64-fedora-clang, r-devel-linux-x86_64-fedora-gcc, r-release-macos-arm64, r-release-macos-x86_64, r-oldrel-macos-arm64, r-oldrel-macos-x86_64