Last updated on 2023-03-31 23:50:26 CEST.
Flavor | Version | Tinstall | Tcheck | Ttotal | Status | Flags |
---|---|---|---|---|---|---|
r-devel-linux-x86_64-debian-clang | 0.8.1 | 6.14 | 95.54 | 101.68 | OK | |
r-devel-linux-x86_64-debian-gcc | 0.8.1 | 5.04 | 73.04 | 78.08 | OK | |
r-devel-linux-x86_64-fedora-clang | 0.8.1 | 124.51 | NOTE | |||
r-devel-linux-x86_64-fedora-gcc | 0.8.1 | 138.99 | NOTE | |||
r-devel-windows-x86_64 | 0.8.1 | 391.00 | 149.00 | 540.00 | OK | |
r-patched-linux-x86_64 | 0.8.1 | 6.70 | 92.53 | 99.23 | OK | |
r-release-linux-x86_64 | 0.8.1 | 4.11 | 92.65 | 96.76 | OK | |
r-release-macos-arm64 | 0.8.1 | 50.00 | NOTE | |||
r-release-macos-x86_64 | 0.8.1 | 61.00 | NOTE | |||
r-release-windows-x86_64 | 0.8.1 | 261.00 | 143.00 | 404.00 | OK | |
r-oldrel-macos-arm64 | 0.8.1 | 51.00 | NOTE | |||
r-oldrel-macos-x86_64 | 0.8.1 | 68.00 | NOTE | |||
r-oldrel-windows-ix86+x86_64 | 0.8.1 | 19.00 | 135.00 | 154.00 | NOTE |
Version: 0.8.1
Check: data for non-ASCII characters
Result: NOTE
Note: found 54 marked UTF-8 strings
Flavors: r-devel-linux-x86_64-fedora-clang, r-devel-linux-x86_64-fedora-gcc, r-release-macos-arm64, r-release-macos-x86_64, r-oldrel-macos-arm64, r-oldrel-macos-x86_64
Version: 0.8.1
Check: dependencies in R code
Result: NOTE
Initiating curl with CURL_SSL_BACKEND: openssl
Flavor: r-oldrel-windows-ix86+x86_64