CRAN Package Check Results for Package MediaNews

Last updated on 2021-03-06 11:48:45 CET.

Flavor Version Tinstall Tcheck Ttotal Status Flags
r-devel-windows-ix86+x86_64 0.2.1 9.00 51.00 60.00 OK
r-release-windows-ix86+x86_64 0.2.1 7.00 40.00 47.00 OK
r-oldrel-macos-x86_64 0.2.1 NOTE
r-oldrel-windows-ix86+x86_64 0.2.1 6.00 39.00 45.00 OK

Check Details

Version: 0.2.1
Check: data for non-ASCII characters
Result: NOTE
     Note: found 7757 marked UTF-8 strings
Flavor: r-oldrel-macos-x86_64