CRAN Package Check Results for Package Mega2R

Last updated on 2020-09-24 05:51:07 CEST.

Flavor Version Tinstall Tcheck Ttotal Status Flags
r-devel-linux-x86_64-debian-clang 1.0.7 52.60 420.77 473.37 NOTE
r-devel-linux-x86_64-debian-gcc 1.0.7 44.14 330.64 374.78 NOTE
r-devel-linux-x86_64-fedora-clang 1.0.7 573.62 NOTE
r-devel-linux-x86_64-fedora-gcc 1.0.7 592.12 NOTE
r-devel-windows-ix86+x86_64 1.0.7 118.00 654.00 772.00 OK
r-patched-linux-x86_64 1.0.7 54.02 409.49 463.51 OK
r-patched-solaris-x86 1.0.7 5.80 ERROR --no-vignettes
r-release-linux-x86_64 1.0.7 52.46 407.65 460.11 OK
r-release-macos-x86_64 1.0.7 OK
r-release-windows-ix86+x86_64 1.0.7 100.00 673.00 773.00 OK
r-oldrel-macos-x86_64 1.0.7 ERROR
r-oldrel-windows-ix86+x86_64 1.0.7 76.00 552.00 628.00 OK

Check Details

Version: 1.0.7
Check: R code for possible problems
Result: NOTE
    Possibly missing '()' after 'return' in the following functions:
     'Xcheck' 'getgenotype_person' 'getgenotypes' 'getgenotypes_C'
     'getgenotypes_R' 'getgenotypesdos' 'getgenotypesgenabel'
     'getgenotypesraw'
Flavors: r-devel-linux-x86_64-debian-clang, r-devel-linux-x86_64-debian-gcc, r-devel-linux-x86_64-fedora-clang, r-devel-linux-x86_64-fedora-gcc

Version: 1.0.7
Flags: --no-vignettes
Check: package dependencies
Result: ERROR
    Package required but not available: ‘gdsfmt’
    
    See section ‘The DESCRIPTION file’ in the ‘Writing R Extensions’
    manual.
Flavor: r-patched-solaris-x86

Version: 1.0.7
Check: package dependencies
Result: NOTE
    Packages suggested but not available for checking:
     'TxDb.Hsapiens.UCSC.hg19.knownGene', 'org.Hs.eg.db'
Flavor: r-oldrel-macos-x86_64

Version: 1.0.7
Check: whether package can be installed
Result: ERROR
    Installation failed.
Flavor: r-oldrel-macos-x86_64